-- http://www.phpmyadmin.net
--




--
-- Database: `lldbstaging`
--

-- --------------------------------------------------------

--
-- Table structure for table `created_habitats`
--

CREATE TABLE IF NOT EXISTS `created_habitats` (
  `id` int(11) NOT NULL AUTO_INCREMENT,
  `areaHA` int(11) DEFAULT NULL,
  `date` varchar(45) DEFAULT NULL,
  `scheme_id` int(11) NOT NULL,
  `habitat_id` int(11) NOT NULL,
  `created_at` timestamp NULL DEFAULT CURRENT_TIMESTAMP ON UPDATE CURRENT_TIMESTAMP,
  `updated_at` timestamp NULL DEFAULT NULL,
  PRIMARY KEY (`id`,`scheme_id`,`habitat_id`),
  KEY `fk_restored_habitats_schemes1_idx` (`scheme_id`),
  KEY `fk_restored_habitats_habitats1_idx` (`habitat_id`)
) ENGINE=InnoDB DEFAULT CHARSET=utf8 AUTO_INCREMENT=1 ;

-- --------------------------------------------------------

--
-- Table structure for table `funding_partners`
--

CREATE TABLE IF NOT EXISTS `funding_partners` (
  `id` int(11) NOT NULL AUTO_INCREMENT,
  `funding_partner` varchar(255) DEFAULT NULL,
  `created_at` timestamp NULL DEFAULT CURRENT_TIMESTAMP ON UPDATE CURRENT_TIMESTAMP,
  `updated_at` timestamp NULL DEFAULT NULL,
  `funding_partner_categories_id` int(11) NOT NULL,
  PRIMARY KEY (`id`,`funding_partner_categories_id`),
  KEY `fk_funding_partners_funding_partner_categories1_idx` (`funding_partner_categories_id`)
) ENGINE=InnoDB  DEFAULT CHARSET=utf8 AUTO_INCREMENT=34 ;

--
-- Dumping data for table `funding_partners`
--

INSERT INTO `funding_partners` (`id`, `funding_partner`, `created_at`, `updated_at`, `funding_partner_categories_id`) VALUES
(1, 'Agri-environment scheme', '2017-05-12 09:28:43', NULL, 1),
(2, 'Area-based payment', '2017-05-12 09:28:43', NULL, 1),
(3, 'Defra (or equivalent)', '2017-05-12 09:28:43', NULL, 1),
(4, 'Natural England, Natural Resources Wales, Scottish Natural Heritage, Nothern Ireland Environment Agency', '2017-05-12 09:28:43', NULL, 1),
(5, 'Environment Agency (or equivalent)', '2017-05-12 09:28:43', NULL, 1),
(6, 'Forestry Commission', '2017-05-12 09:28:43', NULL, 1),
(7, 'Local authority contracts', '2017-05-12 09:28:43', NULL, 1),
(8, 'Highways England', '2017-05-12 09:28:43', NULL, 2),
(9, 'European funding', '2017-05-12 09:28:43', NULL, 2),
(10, 'Local Enterprise Patnership', '2017-05-12 09:28:43', NULL, 2),
(11, 'Clinical Commissioning Group (CCG)', '2017-05-12 09:28:43', NULL, 2),
(12, 'Social Prescribing', '2017-05-12 09:28:43', NULL, 2),
(13, 'Personal Health and social care budgets', '2017-05-12 09:28:43', NULL, 2),
(14, 'Landfil Community Fund', '2017-05-12 09:28:43', NULL, 2),
(15, 'Developers - residential', '2017-05-12 09:28:43', NULL, 3),
(16, 'Developers - non-residential', '2017-05-12 09:28:43', NULL, 3),
(17, 'Water company', '2017-05-12 09:28:43', NULL, 3),
(18, 'Aggregate extraction company', '2017-05-12 09:28:43', NULL, 3),
(19, 'Manufacturing business', '2017-05-12 09:28:43', NULL, 3),
(20, 'Property and real estate company', '2017-05-12 09:28:43', NULL, 3),
(21, 'Finance, legal and insurance', '2017-05-12 09:28:43', NULL, 3),
(22, 'Leisure and tourism', '2017-05-12 09:28:43', NULL, 3),
(23, 'Sponsorship / donors', '2017-05-12 09:28:43', NULL, 3),
(24, 'Esmeé Fariburn Foundation', '2017-05-12 09:28:43', NULL, 4),
(25, 'Other Charitable Trust', '2017-06-22 09:04:36', NULL, 4),
(26, 'Big Lottery', '2017-05-12 09:28:43', NULL, 5),
(27, 'Heritage Lottery Fund', '2017-05-12 09:28:43', NULL, 5),
(28, 'Peoples Postcode Lottery', '2017-05-12 09:28:43', NULL, 5),
(29, 'Health Lottery', '2017-05-12 09:28:43', NULL, 5),
(30, 'Other Lottery', '2017-05-12 09:28:43', NULL, 5),
(31, 'Wildlife Trust membership appeals / donations', '2017-05-12 09:28:43', NULL, 6),
(32, 'Legacies', '2017-05-12 09:28:43', NULL, 6),
(33, 'Other', '2017-05-12 09:28:43', NULL, 6);

-- --------------------------------------------------------

--
-- Table structure for table `funding_partner_categories`
--

CREATE TABLE IF NOT EXISTS `funding_partner_categories` (
  `id` int(11) NOT NULL AUTO_INCREMENT,
  `funding_partner_category` varchar(255) DEFAULT NULL,
  `created_at` timestamp NULL DEFAULT CURRENT_TIMESTAMP ON UPDATE CURRENT_TIMESTAMP,
  `updated_at` timestamp NULL DEFAULT NULL,
  PRIMARY KEY (`id`)
) ENGINE=InnoDB  DEFAULT CHARSET=utf8 AUTO_INCREMENT=7 ;

--
-- Dumping data for table `funding_partner_categories`
--

INSERT INTO `funding_partner_categories` (`id`, `funding_partner_category`, `created_at`, `updated_at`) VALUES
(1, 'Central and devolved Government', '2017-05-12 09:04:37', NULL),
(2, 'Other public', '2017-05-12 09:04:37', NULL),
(3, 'Private sector', '2017-05-12 09:05:02', NULL),
(4, 'Charitable Trusts', '2017-05-12 09:05:02', NULL),
(5, 'Lotteries', '2017-05-12 09:05:18', NULL),
(6, 'Misc', '2017-05-12 09:05:18', NULL);

-- --------------------------------------------------------

--
-- Table structure for table `funding_sources`
--

CREATE TABLE IF NOT EXISTS `funding_sources` (
  `id` int(11) NOT NULL AUTO_INCREMENT,
  `amount` varchar(45) DEFAULT NULL,
  `timescale` varchar(255) DEFAULT NULL,
  `created_at` timestamp NULL DEFAULT CURRENT_TIMESTAMP ON UPDATE CURRENT_TIMESTAMP,
  `updated_at` timestamp NULL DEFAULT NULL,
  `scheme_id` int(11) NOT NULL,
  PRIMARY KEY (`id`,`scheme_id`),
  KEY `fk_funding_sources_schemes1_idx` (`scheme_id`)
) ENGINE=InnoDB DEFAULT CHARSET=utf8 AUTO_INCREMENT=1 ;

-- --------------------------------------------------------

--
-- Table structure for table `funding_sources_has_funding_partners`
--

CREATE TABLE IF NOT EXISTS `funding_sources_has_funding_partners` (
  `funding_sources_id` int(11) NOT NULL,
  `funding_partners_id` int(11) NOT NULL,
  PRIMARY KEY (`funding_sources_id`,`funding_partners_id`),
  KEY `fk_funding_sources_has_funding_partners_funding_partners1_idx` (`funding_partners_id`),
  KEY `fk_funding_sources_has_funding_partners_funding_sources1_idx` (`funding_sources_id`)
) ENGINE=InnoDB DEFAULT CHARSET=utf8;

-- --------------------------------------------------------

--
-- Table structure for table `habitats`
--

CREATE TABLE IF NOT EXISTS `habitats` (
  `id` int(11) NOT NULL AUTO_INCREMENT,
  `habitat` varchar(255) DEFAULT NULL,
  `habitat_categories_id` int(11) NOT NULL,
  `created_at` timestamp NULL DEFAULT CURRENT_TIMESTAMP ON UPDATE CURRENT_TIMESTAMP,
  `updated_at` timestamp NULL DEFAULT NULL,
  PRIMARY KEY (`id`,`habitat_categories_id`),
  KEY `fk_habitats_habitat_categories1_idx` (`habitat_categories_id`)
) ENGINE=InnoDB  DEFAULT CHARSET=utf8 AUTO_INCREMENT=44 ;

--
-- Dumping data for table `habitats`
--

INSERT INTO `habitats` (`id`, `habitat`, `habitat_categories_id`, `created_at`, `updated_at`) VALUES
(1, 'Arable field margins', 1, '2017-05-09 16:07:27', NULL),
(2, 'Blanket', 2, '2017-05-09 16:07:27', NULL),
(3, 'Lowland raised', 2, '2017-05-09 16:07:27', NULL),
(4, 'Saltmarsh', 3, '2017-05-09 16:07:27', NULL),
(5, 'Sand dunes', 3, '2017-05-09 16:07:27', NULL),
(6, 'Vegetated shingle', 3, '2017-05-09 16:07:27', NULL),
(7, 'Grazing marsh', 3, '2017-05-09 16:07:27', NULL),
(8, 'Maritime cliff and slopes', 3, '2017-05-09 16:07:27', NULL),
(9, 'Estuarine rocky habitats', 3, '2017-05-09 16:07:27', NULL),
(10, 'Intertidal mudflats', 3, '2017-05-09 16:07:27', NULL),
(11, 'Upland', 4, '2017-05-09 16:07:27', NULL),
(12, 'Lowland', 4, '2017-05-09 16:07:27', NULL),
(13, 'Lowland calcareous', 5, '2017-05-09 16:07:27', NULL),
(14, 'Lowland dry acid', 5, '2017-05-09 16:07:27', NULL),
(15, 'Lowland meadow', 5, '2017-05-09 16:07:27', NULL),
(16, 'Upland calcareous', 5, '2017-06-22 09:05:22', NULL),
(17, 'Upland hay meadow', 5, '2017-05-09 16:07:27', NULL),
(18, 'Lowland', 6, '2017-05-09 16:07:27', NULL),
(19, 'Upland', 6, '2017-05-09 16:07:27', NULL),
(20, 'Maritime', 6, '2017-05-09 16:07:27', NULL),
(21, 'Mountain heaths and willow scrub', 6, '2017-05-09 16:07:27', NULL),
(22, 'Hedgerows', 7, '2017-05-09 16:07:27', NULL),
(23, 'Purple Moor Grass', 8, '2017-05-09 16:07:27', NULL),
(24, 'Moorland', 8, '2017-05-09 16:07:27', NULL),
(25, 'Ponds', 9, '2017-05-09 16:07:27', NULL),
(26, 'Lakes', 9, '2017-05-09 16:07:27', NULL),
(27, 'Rivers and streams', 9, '2017-05-09 16:07:27', NULL),
(28, 'Ditches/standing water', 9, '2017-05-09 16:07:27', NULL),
(29, 'Reedbed', 9, '2017-05-09 16:07:27', NULL),
(30, 'Floodplain', 9, '2017-05-09 16:07:27', NULL),
(31, 'Traditional orchards', 10, '2017-05-09 16:07:27', NULL),
(32, 'Ancient', 10, '2017-05-09 16:07:27', NULL),
(33, 'Wet', 10, '2017-05-09 16:07:27', NULL),
(34, 'Lowland beech and yew', 10, '2017-05-09 16:07:27', NULL),
(35, 'Lowland mixed deciduous', 10, '2017-05-09 16:07:27', NULL),
(36, 'Native pine', 10, '2017-05-09 16:07:27', NULL),
(37, 'Upland birch', 10, '2017-05-09 16:07:27', NULL),
(38, 'Upland mixed ash', 10, '2017-05-09 16:07:27', NULL),
(39, 'Upland Oak', 10, '2017-05-09 16:07:27', NULL),
(40, 'Wood pasture / parkland', 10, '2017-05-09 16:07:27', NULL),
(41, 'Urban', 11, '2017-05-09 16:07:27', NULL),
(42, 'Gardens', 11, '2017-05-09 16:07:27', NULL),
(43, 'Allotments', 11, '2017-05-09 16:07:27', NULL);

-- --------------------------------------------------------

--
-- Table structure for table `habitat_categories`
--

CREATE TABLE IF NOT EXISTS `habitat_categories` (
  `id` int(11) NOT NULL AUTO_INCREMENT,
  `habitat_category` varchar(255) DEFAULT NULL,
  `created_at` timestamp NULL DEFAULT CURRENT_TIMESTAMP ON UPDATE CURRENT_TIMESTAMP,
  `updated_at` timestamp NULL DEFAULT NULL,
  PRIMARY KEY (`id`)
) ENGINE=InnoDB  DEFAULT CHARSET=utf8 AUTO_INCREMENT=12 ;

--
-- Dumping data for table `habitat_categories`
--

INSERT INTO `habitat_categories` (`id`, `habitat_category`, `created_at`, `updated_at`) VALUES
(1, 'Arable', '2017-05-09 15:52:20', NULL),
(2, 'Bog', '2017-05-09 15:52:55', NULL),
(3, 'Coastal and esuarine', '2017-05-09 15:52:55', NULL),
(4, 'Fen', '2017-05-09 15:55:16', NULL),
(5, 'Grassland', '2017-05-09 15:55:16', NULL),
(6, 'Heathland', '2017-05-09 15:55:16', NULL),
(7, 'Boundary features', '2017-05-09 15:55:16', NULL),
(8, 'Moorland', '2017-05-09 15:55:16', NULL),
(9, 'Water and wetlands', '2017-05-09 15:55:16', NULL),
(10, 'Woodland', '2017-05-09 15:55:16', NULL),
(11, 'Urban', '2017-05-09 15:55:16', NULL);

-- --------------------------------------------------------

--
-- Table structure for table `habitat_scheme`
--

CREATE TABLE IF NOT EXISTS `habitat_scheme` (
  `habitat_id` int(11) NOT NULL,
  `scheme_id` int(11) NOT NULL,
  PRIMARY KEY (`habitat_id`,`scheme_id`),
  KEY `fk_habitats_has_schemes_schemes1_idx` (`scheme_id`),
  KEY `fk_habitats_has_schemes_habitats1_idx` (`habitat_id`)
) ENGINE=InnoDB DEFAULT CHARSET=utf8;

-- --------------------------------------------------------

--
-- Table structure for table `partners`
--

CREATE TABLE IF NOT EXISTS `partners` (
  `id` int(11) NOT NULL AUTO_INCREMENT,
  `partner` varchar(255) DEFAULT NULL,
  `details` varchar(255) DEFAULT NULL,
  `partner_categories_id` int(11) NOT NULL,
  `created_at` timestamp NULL DEFAULT NULL,
  `updated_at` timestamp NULL DEFAULT NULL,
  PRIMARY KEY (`id`,`partner_categories_id`),
  KEY `fk_partners_partner_categories1_idx` (`partner_categories_id`)
) ENGINE=InnoDB  DEFAULT CHARSET=utf8 AUTO_INCREMENT=47 ;

--
-- Dumping data for table `partners`
--

INSERT INTO `partners` (`id`, `partner`, `details`, `partner_categories_id`, `created_at`, `updated_at`) VALUES
(1, 'Defra', NULL, 1, NULL, NULL),
(2, 'Natural England, Natural Resources Wales, Scottish Natural Heritage, Northern Ireland Environment Agency', NULL, 1, NULL, NULL),
(3, 'Environment Agency, Scottish Environment Protection Agency', NULL, 1, NULL, NULL),
(4, 'Forestry Commission', NULL, 1, NULL, NULL),
(5, 'National Park Authority', NULL, 1, NULL, NULL),
(6, 'AONB', NULL, 1, NULL, NULL),
(7, 'Ministry of Defence', NULL, 1, NULL, NULL),
(8, 'NHS', NULL, 1, NULL, NULL),
(9, 'Public Health', NULL, 1, NULL, NULL),
(10, 'Local Nature Partnership', NULL, 1, NULL, NULL),
(11, 'Local Enterprise Partnership', NULL, 1, NULL, NULL),
(12, 'Police and Crime Commissioners', NULL, 1, NULL, NULL),
(13, 'County Council', NULL, 2, NULL, NULL),
(14, 'District Council', NULL, 2, NULL, NULL),
(15, 'Borough Council', NULL, 2, NULL, NULL),
(16, 'London Borough', NULL, 2, NULL, NULL),
(17, 'City Council', NULL, 2, NULL, NULL),
(18, 'Parish Councils', NULL, 2, NULL, NULL),
(19, 'Internal Drainage Board', NULL, 2, NULL, NULL),
(20, 'National Trust', NULL, 3, NULL, NULL),
(21, 'RSPB', NULL, 3, NULL, NULL),
(22, 'Woodland Trust', NULL, 3, NULL, NULL),
(23, 'Butterfly Conservation', NULL, 3, NULL, NULL),
(24, 'WWT', NULL, 3, NULL, NULL),
(25, 'BTO', NULL, 3, NULL, NULL),
(26, 'Canal and River Trust', NULL, 3, NULL, NULL),
(27, 'The Rivers Trust', NULL, 3, NULL, NULL),
(28, 'English Heritage (or equivalent)', NULL, 3, NULL, NULL),
(29, 'Groundwork', NULL, 3, NULL, NULL),
(30, 'Local Environmental Records Centre', NULL, 3, NULL, NULL),
(31, 'Local natural history society', NULL, 3, NULL, NULL),
(32, 'Developers - residential', NULL, 4, NULL, NULL),
(33, 'Developers - non-residential', NULL, 4, NULL, NULL),
(34, 'Water company', NULL, 4, NULL, NULL),
(35, 'Aggregate Extraction Company', NULL, 4, NULL, NULL),
(36, 'Manufacturing', NULL, 4, NULL, NULL),
(37, 'Property and real estate company', NULL, 4, NULL, NULL),
(38, 'Finance, legal and insurance', NULL, 4, NULL, NULL),
(39, 'Leisure and tourism', NULL, 4, NULL, NULL),
(40, 'National Grid', NULL, 5, NULL, NULL),
(41, 'Network Rail', NULL, 5, NULL, NULL),
(42, 'Highways England', NULL, 5, NULL, NULL),
(43, 'Renewable energy generation company', NULL, 5, NULL, NULL),
(44, 'Farmers and Private landowners', NULL, 6, NULL, NULL),
(45, 'University', NULL, 6, NULL, NULL),
(46, 'Other', NULL, 6, NULL, NULL);

-- --------------------------------------------------------

--
-- Table structure for table `partner_categories`
--

CREATE TABLE IF NOT EXISTS `partner_categories` (
  `id` int(11) NOT NULL AUTO_INCREMENT,
  `partnerCategory` varchar(255) DEFAULT NULL,
  `created_at` timestamp NULL DEFAULT CURRENT_TIMESTAMP ON UPDATE CURRENT_TIMESTAMP,
  `updated_at` timestamp NULL DEFAULT NULL,
  PRIMARY KEY (`id`)
) ENGINE=InnoDB  DEFAULT CHARSET=utf8 AUTO_INCREMENT=7 ;

--
-- Dumping data for table `partner_categories`
--

INSERT INTO `partner_categories` (`id`, `partnerCategory`, `created_at`, `updated_at`) VALUES
(1, 'Government & Statutory Agency', '2017-05-12 08:44:08', NULL),
(2, 'Local Authority', '2017-05-12 08:44:08', NULL),
(3, 'NGOs', '2017-05-12 08:44:51', NULL),
(4, 'Business', '2017-05-12 08:45:38', NULL),
(5, 'Utilities and Infrastructure', '2017-05-12 08:45:50', NULL),
(6, 'Misc', '2017-05-12 08:46:02', NULL);

-- --------------------------------------------------------

--
-- Table structure for table `partner_scheme`
--

CREATE TABLE IF NOT EXISTS `partner_scheme` (
  `scheme_id` int(11) NOT NULL,
  `partner_id` int(11) NOT NULL,
  PRIMARY KEY (`scheme_id`,`partner_id`),
  KEY `fk_schemes_has_partners_partners1_idx` (`partner_id`),
  KEY `fk_schemes_has_partners_schemes1_idx` (`scheme_id`)
) ENGINE=InnoDB DEFAULT CHARSET=utf8;

-- --------------------------------------------------------

--
-- Table structure for table `restored_habitats`
--

CREATE TABLE IF NOT EXISTS `restored_habitats` (
  `id` int(11) NOT NULL AUTO_INCREMENT,
  `areaHA` int(11) DEFAULT NULL,
  `date` varchar(45) DEFAULT NULL,
  `scheme_id` int(11) NOT NULL,
  `habitat_id` int(11) NOT NULL,
  `created_at` timestamp NULL DEFAULT CURRENT_TIMESTAMP ON UPDATE CURRENT_TIMESTAMP,
  `updated_at` timestamp NULL DEFAULT NULL,
  PRIMARY KEY (`id`,`scheme_id`,`habitat_id`),
  KEY `fk_restored_habitats_schemes1_idx` (`scheme_id`),
  KEY `fk_restored_habitats_habitats1_idx` (`habitat_id`)
) ENGINE=InnoDB DEFAULT CHARSET=utf8 AUTO_INCREMENT=1 ;

-- --------------------------------------------------------

--
-- Table structure for table `schemes`
--

CREATE TABLE IF NOT EXISTS `schemes` (
  `id` int(11) NOT NULL AUTO_INCREMENT,
  `schemeName` varchar(255) DEFAULT NULL,
  `region` varchar(45) DEFAULT NULL,
  `aims` text,
  `sizeHA` int(11) DEFAULT NULL,
  `gisLayerSupplied` varchar(255) DEFAULT NULL,
  `stage` varchar(255) DEFAULT NULL,
  `startDate` varchar(45) DEFAULT NULL,
  `endDate` varchar(45) DEFAULT NULL,
  `duration` varchar(45) DEFAULT NULL,
  `nearestCity` varchar(255) DEFAULT NULL,
  `localAuthorityAreas` varchar(255) DEFAULT NULL,
  `fundingUnfunded` text,
  `fundingInnovativeFunding` text,
  `deliveryLandOwnerAdvice` text,
  `deliveryManagementAgreements` text,
  `deliveryAgriEnvironmentalSchemes` text,
  `deliveryLandAcquisition` text,
  `deliveryGrazingSchemes` text,
  `deliveryManagementRealignment` text,
  `deliveryCommunityEngagement` text,
  `deliveryMonitoringDetails` text,
  `benefitClimateChange` text,
  `benefitWaterQuality` text,
  `benefitReducedFloodRisk` text,
  `benefitCarbonStorage` text,
  `benefitAirQuality` text,
  `benefitHabitatProvision` text,
  `benefitVolunteeringOpportunities` text,
  `benefitImprovedAccess` text,
  `benefitUrbanRegeneration` text,
  `benefitLocalEconomy` text,
  `benefitLocalFoodProduction` text,
  `benefitSkillsTraining` text,
  `benefitEnvironmentalEducation` text,
  `benefitGreenTourism` text,
  `benefitHealth` text,
  `benefitRecreationalOpportunities` text,
  `benefitEmployment` text,
  `progressSchemeProgress` text,
  `progressDeliveryBarrier` text,
  `progressSchemeOutputs` text,
  `schemeWebsite` varchar(255) DEFAULT NULL,
  `contactName` varchar(255) DEFAULT NULL,
  `contactJobTitle` varchar(255) DEFAULT NULL,
  `contactPhone` varchar(45) DEFAULT NULL,
  `contactEmail` varchar(255) DEFAULT NULL,
  `created_at` timestamp NULL DEFAULT CURRENT_TIMESTAMP ON UPDATE CURRENT_TIMESTAMP,
  `updated_at` timestamp NULL DEFAULT NULL,
  PRIMARY KEY (`id`)
) ENGINE=InnoDB DEFAULT CHARSET=utf8 AUTO_INCREMENT=1 ;

-- --------------------------------------------------------

--
-- Table structure for table `scheme_species`
--

CREATE TABLE IF NOT EXISTS `scheme_species` (
  `scheme_id` int(11) NOT NULL,
  `species_id` int(11) NOT NULL,
  PRIMARY KEY (`scheme_id`,`species_id`),
  KEY `fk_schemes_has_species_species1_idx` (`species_id`),
  KEY `fk_schemes_has_species_schemes1_idx` (`scheme_id`)
) ENGINE=InnoDB DEFAULT CHARSET=utf8;

-- --------------------------------------------------------

--
-- Table structure for table `scheme_trust`
--

CREATE TABLE IF NOT EXISTS `scheme_trust` (
  `scheme_id` int(11) NOT NULL,
  `trust_id` int(11) NOT NULL,
  PRIMARY KEY (`scheme_id`,`trust_id`),
  KEY `fk_schemes_has_trusts_trusts1_idx` (`trust_id`),
  KEY `fk_schemes_has_trusts_schemes1_idx` (`scheme_id`)
) ENGINE=InnoDB DEFAULT CHARSET=utf8;

-- --------------------------------------------------------

--
-- Table structure for table `species`
--

CREATE TABLE IF NOT EXISTS `species` (
  `id` int(11) NOT NULL AUTO_INCREMENT,
  `species` varchar(255) DEFAULT NULL,
  `created_at` timestamp NULL DEFAULT CURRENT_TIMESTAMP ON UPDATE CURRENT_TIMESTAMP,
  `updated_at` timestamp NULL DEFAULT NULL,
  PRIMARY KEY (`id`)
) ENGINE=InnoDB  DEFAULT CHARSET=utf8 AUTO_INCREMENT=946 ;

--
-- Dumping data for table `species`
--

INSERT INTO `species` (`id`, `species`, `created_at`, `updated_at`) VALUES
(1, 'Red-throated Diver', '2017-05-09 14:07:33', NULL),
(2, 'Black-throated Diver', '2017-05-09 14:07:33', NULL),
(3, 'Slavonian Grebe', '2017-05-09 14:07:33', NULL),
(4, 'Black-necked Grebe', '2017-05-09 14:07:33', NULL),
(5, 'Great Crested Grebe', '2017-05-09 14:07:33', NULL),
(6, 'Little Grebe', '2017-05-09 14:07:33', NULL),
(7, 'Fulmar', '2017-05-09 14:07:33', NULL),
(8, 'Manx Shearwater', '2017-05-09 14:07:33', NULL),
(9, 'Gannet', '2017-05-09 14:07:33', NULL),
(10, 'Cormorant', '2017-05-09 14:07:33', NULL),
(11, 'Shag', '2017-05-09 14:07:33', NULL),
(12, 'Bittern', '2017-05-09 14:07:33', NULL),
(13, 'Grey Heron', '2017-05-09 14:07:33', NULL),
(14, 'Little Egret', '2017-05-09 14:07:33', NULL),
(15, 'Mute Swan', '2017-05-09 14:07:33', NULL),
(16, 'Bewick''s Swan', '2017-05-09 14:07:33', NULL),
(17, 'Whooper Swan', '2017-05-09 14:07:33', NULL),
(18, 'Greylag Goose', '2017-05-09 14:07:33', NULL),
(19, 'White-fronted Goose', '2017-05-09 14:07:33', NULL),
(20, 'Pink-footed Goose', '2017-05-09 14:07:33', NULL),
(21, 'Canada Goose', '2017-05-09 14:07:33', NULL),
(22, 'Barnacle Goose', '2017-05-09 14:07:33', NULL),
(23, 'Brent Goose', '2017-05-09 14:07:33', NULL),
(24, 'Shelduck', '2017-05-09 14:07:33', NULL),
(25, 'Mandarin Duck', '2017-05-09 14:07:33', NULL),
(26, 'Mallard', '2017-05-09 14:07:33', NULL),
(27, 'Gadwall', '2017-05-09 14:07:33', NULL),
(28, 'Pintail', '2017-05-09 14:07:33', NULL),
(29, 'Shoveler', '2017-05-09 14:07:33', NULL),
(30, 'Wigeon', '2017-05-09 14:07:33', NULL),
(31, 'Teal', '2017-05-09 14:07:33', NULL),
(32, 'Pochard', '2017-05-09 14:07:33', NULL),
(33, 'Tufted Duck', '2017-05-09 14:07:33', NULL),
(34, 'Goldeneye', '2017-05-09 14:07:33', NULL),
(35, 'Goosander', '2017-05-09 14:07:33', NULL),
(36, 'Red-breasted Merganser', '2017-05-09 14:07:33', NULL),
(37, 'Common Scoter', '2017-05-09 14:07:33', NULL),
(38, 'Eider', '2017-05-09 14:07:33', NULL),
(39, 'European Spoonbill', '2017-05-09 14:07:33', NULL),
(40, 'White-tailed Eagle', '2017-05-09 14:07:33', NULL),
(41, 'Golden Eagle', '2017-05-09 14:07:33', NULL),
(42, 'Red Kite', '2017-05-09 14:07:33', NULL),
(43, 'Osprey', '2017-05-09 14:07:33', NULL),
(44, 'Marsh Harrier', '2017-05-09 14:07:33', NULL),
(45, 'Hen Harrier', '2017-05-09 14:07:33', NULL),
(46, 'Buzzard', '2017-05-09 14:07:33', NULL),
(47, 'Sparrowhawk', '2017-05-09 14:07:33', NULL),
(48, 'Kestrel', '2017-05-09 14:07:33', NULL),
(49, 'Hobby', '2017-05-09 14:07:33', NULL),
(50, 'Peregrine Falcon', '2017-05-09 14:07:33', NULL),
(51, 'Merlin', '2017-05-09 14:07:33', NULL),
(52, 'Red Grouse', '2017-05-09 14:07:33', NULL),
(53, 'Black Grouse', '2017-05-09 14:07:33', NULL),
(54, 'Red-legged Partridge', '2017-05-09 14:07:33', NULL),
(55, 'Grey Partridge', '2017-05-09 14:07:33', NULL),
(56, 'Pheasant', '2017-05-09 14:07:33', NULL),
(57, 'Water Rail', '2017-05-09 14:07:33', NULL),
(58, 'Moorhen', '2017-05-09 14:07:33', NULL),
(59, 'Coot', '2017-05-09 14:07:33', NULL),
(60, 'Oystercatcher', '2017-05-09 14:07:33', NULL),
(61, 'Avocet', '2017-05-09 14:07:33', NULL),
(62, 'Little Ringed Plover', '2017-05-09 14:07:33', NULL),
(63, 'Ringed Plover', '2017-05-09 14:07:33', NULL),
(64, 'Lapwing', '2017-05-09 14:07:33', NULL),
(65, 'Golden Plover', '2017-05-09 14:07:33', NULL),
(66, 'Grey Plover', '2017-05-09 14:07:33', NULL),
(67, 'Turnstone', '2017-05-09 14:07:33', NULL),
(68, 'Knot', '2017-05-09 14:07:33', NULL),
(69, 'Sanderling', '2017-05-09 14:07:33', NULL),
(70, 'Dunlin', '2017-05-09 14:07:33', NULL),
(71, 'Green Sandpiper', '2017-05-09 14:07:33', NULL),
(72, 'Common Sandpiper', '2017-05-09 14:07:33', NULL),
(73, 'Ruff', '2017-05-09 14:07:33', NULL),
(74, 'Redshank', '2017-05-09 14:07:33', NULL),
(75, 'Greenshank', '2017-05-09 14:07:33', NULL),
(76, 'Black-tailed Godwit', '2017-05-09 14:07:33', NULL),
(77, 'Bar-tailed Godwit', '2017-05-09 14:07:33', NULL),
(78, 'Curlew', '2017-05-09 14:07:33', NULL),
(79, 'Whimbrel', '2017-05-09 14:07:33', NULL),
(80, 'Woodcock', '2017-05-09 14:07:33', NULL),
(81, 'Snipe', '2017-05-09 14:07:33', NULL),
(82, 'Red-necked Phalarope', '2017-05-09 14:07:33', NULL),
(83, 'Great Skua', '2017-05-09 14:07:33', NULL),
(84, 'Arctic Skua', '2017-05-09 14:07:33', NULL),
(85, 'Black-headed Gull', '2017-05-09 14:07:33', NULL),
(86, 'Common Gull', '2017-05-09 14:07:33', NULL),
(87, 'Herring Gull', '2017-05-09 14:07:33', NULL),
(88, 'Lesser Black-backed Gull', '2017-05-09 14:07:33', NULL),
(89, 'Great Black-backed Gull', '2017-05-09 14:07:33', NULL),
(90, 'Kittiwake', '2017-05-09 14:07:33', NULL),
(91, 'Little Tern', '2017-05-09 14:07:33', NULL),
(92, 'Sandwich Tern', '2017-05-09 14:07:33', NULL),
(93, 'Common Tern', '2017-05-09 14:07:33', NULL),
(94, 'Arctic Tern', '2017-05-09 14:07:33', NULL),
(95, 'Puffin', '2017-05-09 14:07:33', NULL),
(96, 'Black Guillemot', '2017-05-09 14:07:33', NULL),
(97, 'Guillemot', '2017-05-09 14:07:33', NULL),
(98, 'Razorbill', '2017-05-09 14:07:33', NULL),
(99, 'Feral Pigeon', '2017-05-09 14:07:33', NULL),
(100, 'Woodpigeon', '2017-05-09 14:07:33', NULL),
(101, 'Stock Dove', '2017-05-09 14:07:33', NULL),
(102, 'Turtle Dove', '2017-05-09 14:07:33', NULL),
(103, 'Collared Dove', '2017-05-09 14:07:33', NULL),
(104, 'Cuckoo', '2017-05-09 14:07:33', NULL),
(105, 'Tawny Owl', '2017-05-09 14:07:33', NULL),
(106, 'Short-eared Owl', '2017-05-09 14:07:33', NULL),
(107, 'Long-eared Owl', '2017-05-09 14:07:33', NULL),
(108, 'Little Owl', '2017-05-09 14:07:33', NULL),
(109, 'Barn Owl', '2017-05-09 14:07:33', NULL),
(110, 'Nightjar', '2017-05-09 14:07:33', NULL),
(111, 'Swift', '2017-05-09 14:07:33', NULL),
(112, 'Kingfisher', '2017-05-09 14:07:33', NULL),
(113, 'Great Spotted Woodpecker', '2017-05-09 14:07:33', NULL),
(114, 'Green Woodpecker', '2017-05-09 14:07:33', NULL),
(115, 'Ring-necked Parakeet', '2017-05-09 14:07:33', NULL),
(116, 'Skylark', '2017-05-09 14:07:33', NULL),
(117, 'Sand Martin', '2017-05-09 14:07:33', NULL),
(118, 'House Martin', '2017-05-09 14:07:33', NULL),
(119, 'Swallow', '2017-05-09 14:07:33', NULL),
(120, 'Rock Pipit', '2017-05-09 14:07:33', NULL),
(121, 'Meadow Pipit', '2017-05-09 14:07:33', NULL),
(122, 'Pied Wagtail', '2017-05-09 14:07:33', NULL),
(123, 'Yellow Wagtail', '2017-05-09 14:07:33', NULL),
(124, 'Grey Wagtail', '2017-05-09 14:07:33', NULL),
(125, 'Wren', '2017-05-09 14:07:33', NULL),
(126, 'Dipper', '2017-05-09 14:07:33', NULL),
(127, 'Waxwing', '2017-05-09 14:07:33', NULL),
(128, 'Dunnock', '2017-05-09 14:07:33', NULL),
(129, 'Robin', '2017-05-09 14:07:33', NULL),
(130, 'Nightingale', '2017-05-09 14:07:33', NULL),
(131, 'Redstart', '2017-05-09 14:07:33', NULL),
(132, 'Stonechat', '2017-05-09 14:07:33', NULL),
(133, 'Whinchat', '2017-05-09 14:07:33', NULL),
(134, 'Wheatear', '2017-05-09 14:07:33', NULL),
(135, 'Song Thrush', '2017-05-09 14:07:33', NULL),
(136, 'Mistle Thrush', '2017-05-09 14:07:33', NULL),
(137, 'Redwing', '2017-05-09 14:07:33', NULL),
(138, 'Fieldfare', '2017-05-09 14:07:33', NULL),
(139, 'Blackbird', '2017-05-09 14:07:33', NULL),
(140, 'Blackcap', '2017-05-09 14:07:33', NULL),
(141, 'Garden Warbler', '2017-05-09 14:07:33', NULL),
(142, 'Whitethroat', '2017-05-09 14:07:33', NULL),
(143, 'Lesser Whitethroat', '2017-05-09 14:07:33', NULL),
(144, 'Sedge Warbler', '2017-05-09 14:07:33', NULL),
(145, 'Reed Warbler', '2017-05-09 14:07:33', NULL),
(146, 'Cetti''s Warbler', '2017-05-09 14:07:33', NULL),
(147, 'Wood Warbler', '2017-05-09 14:07:33', NULL),
(148, 'Willow Warbler', '2017-05-09 14:07:33', NULL),
(149, 'Chiffchaff', '2017-05-09 14:07:33', NULL),
(150, 'Goldcrest', '2017-05-09 14:07:33', NULL),
(151, 'Spotted Flycatcher', '2017-05-09 14:07:33', NULL),
(152, 'Great Tit', '2017-05-09 14:07:33', NULL),
(153, 'Blue Tit', '2017-05-09 14:07:33', NULL),
(154, 'Coal Tit', '2017-05-09 14:07:33', NULL),
(155, 'Long-tailed Tit', '2017-05-09 14:07:33', NULL),
(156, 'Bearded Tit', '2017-05-09 14:07:33', NULL),
(157, 'Nuthatch', '2017-05-09 14:07:33', NULL),
(158, 'Treecreeper', '2017-05-09 14:07:33', NULL),
(159, 'Magpie', '2017-05-09 14:07:33', NULL),
(160, 'Jay', '2017-05-09 14:07:33', NULL),
(161, 'Chough', '2017-05-09 14:07:33', NULL),
(162, 'Jackdaw', '2017-05-09 14:07:33', NULL),
(163, 'Rook', '2017-05-09 14:07:33', NULL),
(164, 'Carrion Crow', '2017-05-09 14:07:33', NULL),
(165, 'Hooded Crow', '2017-05-09 14:07:33', NULL),
(166, 'Raven', '2017-05-09 14:07:33', NULL),
(167, 'Starling', '2017-05-09 14:07:33', NULL),
(168, 'House Sparrow', '2017-05-09 14:07:33', NULL),
(169, 'Tree Sparrow', '2017-05-09 14:07:33', NULL),
(170, 'Chaffinch', '2017-05-09 14:07:33', NULL),
(171, 'Linnet', '2017-05-09 14:07:33', NULL),
(172, 'Lesser Redpoll', '2017-05-09 14:07:33', NULL),
(173, 'Greenfinch', '2017-05-09 14:07:33', NULL),
(174, 'Goldfinch', '2017-05-09 14:07:33', NULL),
(175, 'Siskin', '2017-05-09 14:07:33', NULL),
(176, 'Bullfinch', '2017-05-09 14:07:33', NULL),
(177, 'Crossbill', '2017-05-09 14:07:33', NULL),
(178, 'Reed Bunting', '2017-05-09 14:07:34', NULL),
(179, 'Yellowhammer', '2017-05-09 14:07:34', NULL),
(180, 'Corn Bunting', '2017-05-09 14:07:34', NULL),
(181, 'Snow Bunting', '2017-05-09 14:07:34', NULL),
(182, 'Small Skipper', '2017-05-09 14:07:34', NULL),
(183, 'Large Skipper', '2017-05-09 14:07:34', NULL),
(184, 'Swallowtail', '2017-05-09 14:07:34', NULL),
(185, 'Clouded Yellow', '2017-05-09 14:07:34', NULL),
(186, 'Brimstone', '2017-05-09 14:07:34', NULL),
(187, 'Large White', '2017-05-09 14:07:34', NULL),
(188, 'Small White', '2017-05-09 14:07:34', NULL),
(189, 'Green-veined White', '2017-05-09 14:07:34', NULL),
(190, 'Orange-tip', '2017-05-09 14:07:34', NULL),
(191, 'Green Hairstreak', '2017-05-09 14:07:34', NULL),
(192, 'Purple Hairstreak', '2017-05-09 14:07:34', NULL),
(193, 'Small Copper', '2017-05-09 14:07:34', NULL),
(194, 'Brown Argus', '2017-05-09 14:07:34', NULL),
(195, 'Common Blue', '2017-05-09 14:07:34', NULL),
(196, 'Holly Blue', '2017-05-09 14:07:34', NULL),
(197, 'Large Blue', '2017-05-09 14:07:34', NULL),
(198, 'White Admiral', '2017-05-09 14:07:34', NULL),
(199, 'Purple Emperor', '2017-05-09 14:07:34', NULL),
(200, 'Red Admiral', '2017-05-09 14:07:34', NULL),
(201, 'Painted Lady', '2017-05-09 14:07:34', NULL),
(202, 'Small Tortoiseshell', '2017-05-09 14:07:34', NULL),
(203, 'Peacock', '2017-05-09 14:07:34', NULL),
(204, 'Comma', '2017-05-09 14:07:34', NULL),
(205, 'Dark Green Fritillary', '2017-05-09 14:07:34', NULL),
(206, 'Silver-washed Fritillary', '2017-05-09 14:07:34', NULL),
(207, 'Speckled Wood', '2017-05-09 14:07:34', NULL),
(208, 'Wall Brown', '2017-05-09 14:07:34', NULL),
(209, 'Marbled White', '2017-05-09 14:07:34', NULL),
(210, 'Grayling', '2017-05-09 14:07:34', NULL),
(211, 'Gatekeeper', '2017-05-09 14:07:34', NULL),
(212, 'Meadow Brown', '2017-05-09 14:07:34', NULL),
(213, 'Ringlet', '2017-05-09 14:07:34', NULL),
(214, 'Small Heath', '2017-05-09 14:07:34', NULL),
(215, 'Banded demoiselle', '2017-05-09 14:07:34', NULL),
(216, 'Emerald damselfly', '2017-05-09 14:07:34', NULL),
(217, 'Large red damselfly', '2017-05-09 14:07:34', NULL),
(218, 'Azure damselfly', '2017-05-09 14:07:34', NULL),
(219, 'Common blue damselfly', '2017-05-09 14:07:34', NULL),
(220, 'Blue-tailed damselfly', '2017-05-09 14:07:34', NULL),
(221, 'Red-eyed Damselfly', '2017-05-09 14:07:34', NULL),
(222, 'Hairy dragonfly', '2017-05-09 14:07:34', NULL),
(223, 'Common hawker', '2017-05-09 14:07:34', NULL),
(224, 'Migrant hawker', '2017-05-09 14:07:34', NULL),
(225, 'Southern hawker', '2017-05-09 14:07:34', NULL),
(226, 'Brown hawker', '2017-05-09 14:07:34', NULL),
(227, 'Norfolk hawker', '2017-05-09 14:07:34', NULL),
(228, 'Emperor dragonfly', '2017-05-09 14:07:34', NULL),
(229, 'Golden-ringed Dragonfly', '2017-05-09 14:07:34', NULL),
(230, 'Four-spotted chaser', '2017-05-09 14:07:34', NULL),
(231, 'Broad-bodied Chaser', '2017-05-09 14:07:34', NULL),
(232, 'Black-tailed skimmer', '2017-05-09 14:07:34', NULL),
(233, 'Common darter', '2017-05-09 14:07:34', NULL),
(234, 'Black darter', '2017-05-09 14:07:34', NULL),
(235, 'Atlantic Salmon', '2017-05-09 14:07:34', NULL),
(236, 'Brown Trout', '2017-05-09 14:07:34', NULL),
(237, 'Rainbow Trout', '2017-05-09 14:07:34', NULL),
(238, 'Minnow', '2017-05-09 14:07:34', NULL),
(239, 'Stone Loach', '2017-05-09 14:07:34', NULL),
(240, 'Bullhead', '2017-05-09 14:07:34', NULL),
(241, 'Dace', '2017-05-09 14:07:34', NULL),
(242, 'Chub', '2017-05-09 14:07:34', NULL),
(243, 'Pike', '2017-05-09 14:07:34', NULL),
(244, 'Perch', '2017-05-09 14:07:34', NULL),
(245, 'Roach', '2017-05-09 14:07:34', NULL),
(246, 'Bream', '2017-05-09 14:07:34', NULL),
(247, 'Gudgeon', '2017-05-09 14:07:34', NULL),
(248, 'Carp', '2017-05-09 14:07:34', NULL),
(249, 'Tench', '2017-05-09 14:07:34', NULL),
(250, 'Three-spined Stickleback', '2017-05-09 14:07:34', NULL),
(251, 'Eel', '2017-05-09 14:07:34', NULL),
(252, 'River Lamprey', '2017-05-09 14:07:34', NULL),
(253, 'Fly Agaric', '2017-05-09 14:07:34', NULL),
(254, 'Chanterelle', '2017-05-09 14:07:34', NULL),
(255, 'Oyster Mushroom', '2017-05-09 14:07:34', NULL),
(256, 'Dryad''s Saddle', '2017-05-09 14:07:34', NULL),
(257, 'Beefsteak Fungus', '2017-05-09 14:07:34', NULL),
(258, 'Destroying Angel', '2017-05-09 14:07:34', NULL),
(259, 'Amethyst Deceiver', '2017-05-09 14:07:34', NULL),
(260, 'Robin''s Pincushion', '2017-05-09 14:07:34', NULL),
(261, 'Spangle Gall', '2017-05-09 14:07:34', NULL),
(262, 'Oak Marble Gall', '2017-05-09 14:07:34', NULL),
(263, 'Knopper Gall', '2017-05-09 14:07:34', NULL),
(264, 'Oak Apple Gall', '2017-05-09 14:07:34', NULL),
(265, 'Cherry Gall', '2017-05-09 14:07:34', NULL),
(266, 'Ruby-tailed Wasp', '2017-05-09 14:07:34', NULL),
(267, 'Black Garden Ant', '2017-05-09 14:07:34', NULL),
(268, 'Yellow Meadow Ant', '2017-05-09 14:07:34', NULL),
(269, 'Red Ant', '2017-05-09 14:07:34', NULL),
(270, 'Wood Ant', '2017-05-09 14:07:34', NULL),
(271, 'Wasp', '2017-05-09 14:07:34', NULL),
(272, 'Hornet', '2017-05-09 14:07:34', NULL),
(273, 'Tawny Mining Bee', '2017-05-09 14:07:34', NULL),
(274, 'Red Mason Bee', '2017-05-09 14:07:34', NULL),
(275, 'Leaf-cutter Bee', '2017-05-09 14:07:34', NULL),
(276, 'Honey Bee', '2017-05-09 14:07:34', NULL),
(277, 'Common Carder Bee', '2017-05-09 14:07:34', NULL),
(278, 'Red-tailed Bumblebee', '2017-05-09 14:07:34', NULL),
(279, 'White-tailed Bumblebee', '2017-05-09 14:07:34', NULL),
(280, 'Green Tiger Beetle', '2017-05-09 14:07:34', NULL),
(281, 'Devil''s Coach Horse', '2017-05-09 14:07:34', NULL),
(282, 'Violet Ground Beetle', '2017-05-09 14:07:34', NULL),
(283, 'Burying Beetle', '2017-05-09 14:07:34', NULL),
(284, 'Stag Beetle', '2017-05-09 14:07:34', NULL),
(285, 'Lesser Stag Beetle', '2017-05-09 14:07:34', NULL),
(286, 'Rhinoceros Beetle', '2017-05-09 14:07:34', NULL),
(287, 'Minotaur Beetle', '2017-05-09 14:07:34', NULL),
(288, 'Cockchafer', '2017-05-09 14:07:34', NULL),
(289, 'Rose Chafer', '2017-05-09 14:07:34', NULL),
(290, 'Coppery Click Beetle', '2017-05-09 14:07:34', NULL),
(291, 'Red Soldier Beetle', '2017-05-09 14:07:34', NULL),
(292, 'Glow-worm', '2017-05-09 14:07:34', NULL),
(293, 'Red-headed Cardinal Beetle', '2017-05-09 14:07:34', NULL),
(294, '2 Spot Ladybird', '2017-05-09 14:27:00', NULL),
(295, 'Eyed Ladybird', '2017-05-09 14:07:34', NULL),
(296, '7 Spot Ladybird', '2017-05-09 14:27:07', NULL),
(297, 'Orange Ladybird', '2017-05-09 14:07:34', NULL),
(298, 'Harlequin Ladybird', '2017-05-09 14:07:34', NULL),
(299, '14 Spot Ladybird', '2017-05-09 14:27:13', NULL),
(300, '22 Spot Ladybird', '2017-05-09 14:27:18', NULL),
(301, 'Death-watch Beetle', '2017-05-09 14:07:34', NULL),
(302, 'Musk Beetle', '2017-05-09 14:07:34', NULL),
(303, 'Wasp Beetle', '2017-05-09 14:07:34', NULL),
(304, 'Bloody-nosed Beetle', '2017-05-09 14:07:34', NULL),
(305, 'Green Tortoise beetle', '2017-05-09 14:07:34', NULL),
(306, 'Great Diving Beetle', '2017-05-09 14:07:34', NULL),
(307, 'Whirligig Beetle', '2017-05-09 14:07:34', NULL),
(308, 'Centipede', '2017-05-09 14:07:34', NULL),
(309, 'White-legged Snake Millipede', '2017-05-09 14:07:34', NULL),
(310, 'Flat-backed Millipede', '2017-05-09 14:07:34', NULL),
(311, 'Pill Woodlouse', '2017-05-09 14:07:34', NULL),
(312, 'Woodlouse', '2017-05-09 14:07:34', NULL),
(313, 'Harvestmen', '2017-05-09 14:07:34', NULL),
(314, 'Garden Spider', '2017-05-09 14:07:34', NULL),
(315, 'Wasp Spider', '2017-05-09 14:07:34', NULL),
(316, 'Giant House Spider', '2017-05-09 14:07:34', NULL),
(317, 'Water Spider', '2017-05-09 14:07:34', NULL),
(318, 'Nursery Web Spider', '2017-05-09 14:07:34', NULL),
(319, 'Raft Spider', '2017-05-09 14:07:34', NULL),
(320, 'Wolf Spider', '2017-05-09 14:07:34', NULL),
(321, 'Zebra Spider', '2017-05-09 14:07:34', NULL),
(322, 'Silverfish', '2017-05-09 14:07:34', NULL),
(323, 'Mayfly', '2017-05-09 14:07:34', NULL),
(324, 'Stonefly', '2017-05-09 14:07:34', NULL),
(325, 'Field Grasshopper', '2017-05-09 14:07:34', NULL),
(326, 'Meadow Grasshopper', '2017-05-09 14:07:34', NULL),
(327, 'Green Grasshopper', '2017-05-09 14:07:34', NULL),
(328, 'Mottled Grasshopper', '2017-05-09 14:07:34', NULL),
(329, 'Speckled Bush-cricket', '2017-05-09 14:07:34', NULL),
(330, 'Oak Bush-cricket', '2017-05-09 14:07:34', NULL),
(331, 'Long-winged Conehead', '2017-05-09 14:07:34', NULL),
(332, 'Great Green Bush-cricket', '2017-05-09 14:07:34', NULL),
(333, 'Dark bush-cricket', '2017-05-09 14:07:34', NULL),
(334, 'Roesel''s Bush-cricket', '2017-05-09 14:07:34', NULL),
(335, 'Earwig', '2017-05-09 14:07:34', NULL),
(336, 'Hawthorn Shield Bug', '2017-05-09 14:07:34', NULL),
(337, 'Birch Shield Bug', '2017-05-09 14:07:34', NULL),
(338, 'Parent Bug', '2017-05-09 14:07:34', NULL),
(339, 'Spiked Shield Bug', '2017-05-09 14:07:34', NULL),
(340, 'Forest Bug', '2017-05-09 14:07:34', NULL),
(341, 'Green Shield Bug', '2017-05-09 14:07:34', NULL),
(342, 'Water Measurer', '2017-05-09 14:07:34', NULL),
(343, 'Pond Skater', '2017-05-09 14:07:34', NULL),
(344, 'Water Scorpion', '2017-05-09 14:07:34', NULL),
(345, 'Water Stick Insect', '2017-05-09 14:07:34', NULL),
(346, 'Saucer Bug', '2017-05-09 14:07:34', NULL),
(347, 'Backswimmer', '2017-05-09 14:07:34', NULL),
(348, 'Lesser Water Boatman', '2017-05-09 14:07:34', NULL),
(349, 'Froghopper', '2017-05-09 14:07:34', NULL),
(350, 'Rhododendron Leafhopper', '2017-05-09 14:07:34', NULL),
(351, 'Cat Flea', '2017-05-09 14:07:34', NULL),
(352, 'Lacewing', '2017-05-09 14:07:34', NULL),
(353, 'Alder Fly', '2017-05-09 14:07:34', NULL),
(354, 'Scorpion Fly', '2017-05-09 14:07:34', NULL),
(355, 'Caddis Fly', '2017-05-09 14:07:34', NULL),
(356, 'Daddy Longlegs', '2017-05-09 14:07:34', NULL),
(357, 'St Mark''s Fly', '2017-05-09 14:07:34', NULL),
(358, 'Broad Centurion', '2017-05-09 14:07:34', NULL),
(359, 'Downlooker Snipe-fly', '2017-05-09 14:07:34', NULL),
(360, 'Notch-horned Cleg-fly', '2017-05-09 14:07:34', NULL),
(361, 'Twin-lobed Deer-fly', '2017-05-09 14:07:34', NULL),
(362, 'Dark-edged Bee-fly', '2017-05-09 14:07:34', NULL),
(363, 'Hornet Robberfly', '2017-05-09 14:07:34', NULL),
(364, 'Marmalade Fly', '2017-05-09 14:07:34', NULL),
(365, 'Heineken Fly', '2017-05-09 14:07:34', NULL),
(366, 'Hoverfly', '2017-05-09 14:07:34', NULL),
(367, 'Hornet Mimic Hoverfly', '2017-05-09 14:07:34', NULL),
(368, 'Drone-fly', '2017-05-09 14:07:34', NULL),
(369, 'Narcissus Fly', '2017-05-09 14:07:34', NULL),
(370, 'Horntail', '2017-05-09 14:07:34', NULL),
(371, 'Hedgehog', '2017-05-09 14:07:34', NULL),
(372, 'Common Shrew', '2017-05-09 14:07:34', NULL),
(373, 'Pygmy Shrew', '2017-05-09 14:07:34', NULL),
(374, 'Water Shrew', '2017-05-09 14:07:34', NULL),
(375, 'Mole', '2017-05-09 14:07:34', NULL),
(376, 'Common Pipistrelle', '2017-05-09 14:07:34', NULL),
(377, 'Noctule Bat', '2017-05-09 14:07:34', NULL),
(378, 'Brown Long-eared Bat', '2017-05-09 14:07:34', NULL),
(379, 'Red Fox', '2017-05-09 14:07:34', NULL),
(380, 'Badger', '2017-05-09 14:07:34', NULL),
(381, 'Otter', '2017-05-09 14:07:34', NULL),
(382, 'American Mink', '2017-05-09 14:07:34', NULL),
(383, 'Stoat', '2017-05-09 14:07:34', NULL),
(384, 'Weasel', '2017-05-09 14:07:34', NULL),
(385, 'Wildcat', '2017-05-09 14:07:34', NULL),
(386, 'Roe Deer', '2017-05-09 14:07:34', NULL),
(387, 'Muntjac Deer', '2017-05-09 14:07:34', NULL),
(388, 'Red Deer', '2017-05-09 14:07:34', NULL),
(389, 'Fallow Deer', '2017-05-09 14:07:34', NULL),
(390, 'Grey Squirrel', '2017-05-09 14:07:34', NULL),
(391, 'Red Squirrel', '2017-05-09 14:07:34', NULL),
(392, 'Hazel dormouse', '2017-05-09 14:07:34', NULL),
(393, 'Harvest Mouse', '2017-05-09 14:07:34', NULL),
(394, 'House Mouse', '2017-05-09 14:07:34', NULL),
(395, 'Wood Mouse', '2017-05-09 14:07:34', NULL),
(396, 'Brown Rat', '2017-05-09 14:07:34', NULL),
(397, 'Water Vole', '2017-05-09 14:07:34', NULL),
(398, 'Bank Vole', '2017-05-09 14:07:34', NULL),
(399, 'Field Vole', '2017-05-09 14:07:34', NULL),
(400, 'Brown Hare', '2017-05-09 14:07:34', NULL),
(401, 'Mountain Hare', '2017-05-09 14:07:34', NULL),
(402, 'Irish Hare', '2017-05-09 14:07:34', NULL),
(403, 'Rabbit', '2017-05-09 14:07:34', NULL),
(404, 'Pine Marten', '2017-05-09 14:07:34', NULL),
(405, 'Polecat', '2017-05-09 14:07:34', NULL),
(406, 'Barbastelle Bat', '2017-05-09 14:07:34', NULL),
(407, 'Bechstein''s Bat', '2017-05-09 14:07:34', NULL),
(408, 'Greater Horseshoe Bat', '2017-05-09 14:07:34', NULL),
(409, 'Lesser Horseshoe Bat', '2017-05-09 14:07:34', NULL),
(410, 'Grey Seal', '2017-05-09 14:07:34', NULL),
(411, 'Common Seal', '2017-05-09 14:07:34', NULL),
(412, 'Bottle-nosed Dolphin', '2017-05-09 14:07:34', NULL),
(413, 'Harbour Porpoise', '2017-05-09 14:07:34', NULL),
(414, 'Common Dolphin', '2017-05-09 14:07:34', NULL),
(415, 'Orca', '2017-05-09 14:07:34', NULL),
(416, 'Moon Jellyfish', '2017-05-09 14:07:34', NULL),
(417, 'Beadlet Anemone', '2017-05-09 14:07:35', NULL),
(418, 'Strawberry Anemone', '2017-05-09 14:07:35', NULL),
(419, 'Snake-locks Anemone', '2017-05-09 14:07:35', NULL),
(420, 'Dahlia Anemone', '2017-05-09 14:07:35', NULL),
(421, 'Lugworm', '2017-05-09 14:07:35', NULL),
(422, 'Keyhole Limpet', '2017-05-09 14:07:35', NULL),
(423, 'Limpet', '2017-05-09 14:07:35', NULL),
(424, 'Thick Topshell', '2017-05-09 14:07:35', NULL),
(425, 'Flat Periwinkle', '2017-05-09 14:07:35', NULL),
(426, 'Edible Periwinkle', '2017-05-09 14:07:35', NULL),
(427, 'Slipper Limpet', '2017-05-09 14:07:35', NULL),
(428, 'Spotted Cowrie', '2017-05-09 14:07:35', NULL),
(429, 'Dog Whelk', '2017-05-09 14:07:35', NULL),
(430, 'Oyster Drill', '2017-05-09 14:07:35', NULL),
(431, 'Whelk', '2017-05-09 14:07:35', NULL),
(432, 'Dog Cockle', '2017-05-09 14:07:35', NULL),
(433, 'Mussel', '2017-05-09 14:07:35', NULL),
(434, 'Oyster', '2017-05-09 14:07:35', NULL),
(435, 'Great Scallop', '2017-05-09 14:07:35', NULL),
(436, 'Variegated Scallop', '2017-05-09 14:07:35', NULL),
(437, 'Cockle', '2017-05-09 14:07:35', NULL),
(438, 'Warty Venus', '2017-05-09 14:07:35', NULL),
(439, 'Thin Tellin', '2017-05-09 14:07:35', NULL),
(440, 'Razor Shell', '2017-05-09 14:07:35', NULL),
(441, 'Piddock', '2017-05-09 14:07:35', NULL),
(442, 'Cuttlefish', '2017-05-09 14:07:35', NULL),
(443, 'Goose Barnacle', '2017-05-09 14:07:35', NULL),
(444, 'Acorn Barnacle', '2017-05-09 14:07:35', NULL),
(445, 'Sea Slater', '2017-05-09 14:07:35', NULL),
(446, 'Sand-hopper', '2017-05-09 14:07:35', NULL),
(447, 'Lobster', '2017-05-09 14:07:35', NULL),
(448, 'Spiny Lobster', '2017-05-09 14:07:35', NULL),
(449, 'Porcelain Crab', '2017-05-09 14:07:35', NULL),
(450, 'Hermit Crab', '2017-05-09 14:07:35', NULL),
(451, 'Great Spider Crab', '2017-05-09 14:07:35', NULL),
(452, 'Edible Crab', '2017-05-09 14:07:35', NULL),
(453, 'Shore Crab', '2017-05-09 14:07:35', NULL),
(454, 'Brown Shrimp', '2017-05-09 14:07:35', NULL),
(455, 'Sun-star', '2017-05-09 14:07:35', NULL),
(456, 'Starfish', '2017-05-09 14:07:35', NULL),
(457, 'Brittlestar', '2017-05-09 14:07:35', NULL),
(458, 'Green Sea-urchin', '2017-05-09 14:07:35', NULL),
(459, 'Edible Sea-urchin', '2017-05-09 14:07:35', NULL),
(460, 'Sea Potato', '2017-05-09 14:07:35', NULL),
(461, 'Basking Shark', '2017-05-09 14:07:35', NULL),
(462, 'Lesser Spotted Dogfish', '2017-05-09 14:07:35', NULL),
(463, 'Butterfish', '2017-05-09 14:07:35', NULL),
(464, 'Shanny', '2017-05-09 14:07:35', NULL),
(465, 'Tompot Blenny', '2017-05-09 14:07:35', NULL),
(466, 'Rock Goby', '2017-05-09 14:07:35', NULL),
(467, 'Lumpsucker', '2017-05-09 14:07:35', NULL),
(468, 'Plaice', '2017-05-09 14:07:35', NULL),
(469, 'Sunfish', '2017-05-09 14:07:35', NULL),
(470, 'Mackerel', '2017-05-09 14:07:35', NULL),
(471, 'Marsh Hair Moss', '2017-05-09 14:07:35', NULL),
(472, 'Fir Clubmoss', '2017-05-09 14:07:35', NULL),
(473, 'Sphagnum Moss', '2017-05-09 14:07:35', NULL),
(474, 'Ordinary Moss', '2017-05-09 14:07:35', NULL),
(475, 'Adder''s-tongue Fern', '2017-05-09 14:07:35', NULL),
(476, 'Parsley Fern', '2017-05-09 14:07:35', NULL),
(477, 'Polypody', '2017-05-09 14:07:35', NULL),
(478, 'Bracken', '2017-05-09 14:07:35', NULL),
(479, 'Hart''s-tongue Fern', '2017-05-09 14:07:35', NULL),
(480, 'Maidenhair Spleenwort', '2017-05-09 14:07:35', NULL),
(481, 'Wall-rue', '2017-05-09 14:07:35', NULL),
(482, 'Male-fern', '2017-05-09 14:07:35', NULL),
(483, 'Six-spot Burnet', '2017-05-09 14:07:35', NULL),
(484, 'Emperor Moth', '2017-05-09 14:07:35', NULL),
(485, 'Magpie Moth', '2017-05-09 14:07:35', NULL),
(486, 'Brimstone Moth', '2017-05-09 14:07:35', NULL),
(487, 'Peppered Moth', '2017-05-09 14:07:35', NULL),
(488, 'Privet Hawk-moth', '2017-05-09 14:07:35', NULL),
(489, 'Lime Hawk-moth', '2017-05-09 14:07:35', NULL),
(490, 'Hummingbird Hawk-moth', '2017-05-09 14:07:35', NULL),
(491, 'Elephant Hawk-moth', '2017-05-09 14:07:35', NULL),
(492, 'Buff-tip', '2017-05-09 14:07:35', NULL),
(493, 'Garden Tiger', '2017-05-09 14:07:35', NULL),
(494, 'Cinnabar', '2017-05-09 14:07:35', NULL),
(495, 'Large Yellow Underwing', '2017-05-09 14:07:35', NULL),
(496, 'Silver Y', '2017-05-09 14:07:35', NULL),
(497, 'Angle Shades', '2017-05-09 14:07:35', NULL),
(498, 'Great Crested Newt', '2017-05-09 14:07:35', NULL),
(499, 'Smooth Newt', '2017-05-09 14:07:35', NULL),
(500, 'Palmate Newt', '2017-05-09 14:07:35', NULL),
(501, 'Common Toad', '2017-05-09 14:07:35', NULL),
(502, 'Natterjack Toad', '2017-05-09 14:07:35', NULL),
(503, 'Common Frog', '2017-05-09 14:07:35', NULL),
(504, 'Common Lizard', '2017-05-09 14:07:35', NULL),
(505, 'Slow-worm', '2017-05-09 14:07:35', NULL),
(506, 'Grass Snake', '2017-05-09 14:07:35', NULL),
(507, 'Adder', '2017-05-09 14:07:35', NULL),
(508, 'Smooth Snake', '2017-05-09 14:07:35', NULL),
(509, 'Sand Lizard', '2017-05-09 14:07:35', NULL),
(510, 'Opposite-leaved Golden-Saxifrage', '2017-05-09 14:07:35', NULL),
(511, 'Toadflax-leaved St John''s-wort', '2017-05-09 14:07:35', NULL),
(512, 'Perforate St John''s-wort', '2017-05-09 14:07:35', NULL),
(513, 'Marsh Violet', '2017-05-09 14:07:35', NULL),
(514, 'Dog-violet', '2017-05-09 14:07:35', NULL),
(515, 'Cornflower', '2017-05-09 14:07:35', NULL),
(516, 'Pheasant''s-eye', '2017-05-09 14:07:35', NULL),
(517, 'Marsh Cinquefoil', '2017-05-09 14:07:35', NULL),
(518, 'Deptford Pink', '2017-05-09 14:07:35', NULL),
(519, 'Cross-leaved Heath', '2017-05-09 14:07:35', NULL),
(520, 'Bell Heather', '2017-05-09 14:07:35', NULL),
(521, 'Heather', '2017-05-09 14:07:35', NULL),
(522, 'Chamomile', '2017-05-09 14:07:35', NULL),
(523, 'Creeping Buttercup', '2017-05-09 14:07:35', NULL),
(524, 'Meadow Buttercup', '2017-05-09 14:07:35', NULL),
(525, 'Celery-leaved Buttercup', '2017-05-09 14:07:35', NULL),
(526, 'Lesser Celandine', '2017-05-09 14:07:35', NULL),
(527, 'Marsh-marigold', '2017-05-09 14:07:35', NULL),
(528, 'Columbine', '2017-05-09 14:07:35', NULL),
(529, 'Traveller''s-joy', '2017-05-09 14:07:35', NULL),
(530, 'Wood Anemone', '2017-05-09 14:07:35', NULL),
(531, 'Pasqueflower', '2017-05-09 14:07:35', NULL),
(532, 'Poppy', '2017-05-09 14:07:35', NULL),
(533, 'Welsh Poppy', '2017-05-09 14:07:35', NULL),
(534, 'Yellow Horned-poppy', '2017-05-09 14:07:35', NULL),
(535, 'Greater Celandine', '2017-05-09 14:07:35', NULL),
(536, 'Yellow Water-lily', '2017-05-09 14:07:35', NULL),
(537, 'White Water-lily', '2017-05-09 14:07:35', NULL),
(538, 'Fumitory', '2017-05-09 14:07:35', NULL),
(539, 'Yellow Corydalis', '2017-05-09 14:07:35', NULL),
(540, 'Hop', '2017-05-09 14:07:35', NULL),
(541, 'Sea-lavender', '2017-05-09 14:07:35', NULL),
(542, 'Rock-rose', '2017-05-09 14:07:35', NULL),
(543, 'Mallow', '2017-05-09 14:07:35', NULL),
(544, 'Musk Mallow', '2017-05-09 14:07:35', NULL),
(545, 'Field Pansy', '2017-05-09 14:07:35', NULL),
(546, 'Round-leaved Sundew', '2017-05-09 14:07:35', NULL),
(547, 'Hedge Mustard', '2017-05-09 14:07:35', NULL),
(548, 'Garlic Mustard', '2017-05-09 14:07:35', NULL),
(549, 'Water-cress', '2017-05-09 14:07:35', NULL),
(550, 'Stinging Nettle', '2017-05-09 14:07:35', NULL),
(551, 'Pellitory-of-the-wall', '2017-05-09 14:07:35', NULL),
(552, 'Fat Hen', '2017-05-09 14:07:35', NULL),
(553, 'Sea Beet', '2017-05-09 14:07:35', NULL),
(554, 'Glasswort', '2017-05-09 14:07:35', NULL),
(555, 'Red Campion', '2017-05-09 14:07:35', NULL),
(556, 'White Campion', '2017-05-09 14:07:35', NULL),
(557, 'Bladder Campion', '2017-05-09 14:07:35', NULL),
(558, 'Ragged-Robin', '2017-05-09 14:07:35', NULL),
(559, 'Greater Stitchwort', '2017-05-09 14:07:35', NULL),
(560, 'Chickweed', '2017-05-09 14:07:35', NULL),
(561, 'Mouse-ear', '2017-05-09 14:07:35', NULL),
(562, 'Lesser Sea-spurrey', '2017-05-09 14:07:35', NULL),
(563, 'Broad-leaved Dock', '2017-05-09 14:07:35', NULL),
(564, 'Water Dock', '2017-05-09 14:07:35', NULL),
(565, 'Curled Dock', '2017-05-09 14:07:35', NULL),
(566, 'Sorrel', '2017-05-09 14:07:35', NULL),
(567, 'Bistort', '2017-05-09 14:07:35', NULL),
(568, 'Japanese Knotweed', '2017-05-09 14:07:35', NULL),
(569, 'Knotgrass', '2017-05-09 14:07:35', NULL),
(570, 'Thrift', '2017-05-09 14:07:35', NULL),
(571, 'Hairy Bitter-cress', '2017-05-09 14:07:35', NULL),
(572, 'Shepherd''s Purse', '2017-05-09 14:07:35', NULL),
(573, 'Horse-radish', '2017-05-09 14:07:35', NULL),
(574, 'Honesty', '2017-05-09 14:07:35', NULL),
(575, 'Cuckooflower', '2017-05-09 14:07:35', NULL),
(576, 'Milkwort', '2017-05-09 14:07:35', NULL),
(577, 'Fairy Flax', '2017-05-09 14:07:35', NULL),
(578, 'Stork''s-bill', '2017-05-09 14:07:35', NULL),
(579, 'Meadow Crane''s-bill', '2017-05-09 14:07:35', NULL),
(580, 'Bloody Crane''s-bill', '2017-05-09 14:07:35', NULL),
(581, 'Herb-Robert', '2017-05-09 14:07:35', NULL),
(582, 'Wood-sorrel', '2017-05-09 14:07:35', NULL),
(583, 'Himalayan Balsam', '2017-05-09 14:07:35', NULL),
(584, 'Kidney Vetch', '2017-05-09 14:07:35', NULL),
(585, 'Restharrow', '2017-05-09 14:07:35', NULL),
(586, 'White Clover', '2017-05-09 14:07:35', NULL),
(587, 'Hare''s-foot Clover', '2017-05-09 14:07:35', NULL),
(588, 'Red Clover', '2017-05-09 14:07:35', NULL),
(589, 'Bird''s-foot-trefoil', '2017-05-09 14:07:35', NULL),
(590, 'Tall Melilot', '2017-05-09 14:07:35', NULL),
(591, 'Tufted Vetch', '2017-05-09 14:07:35', NULL),
(592, 'Bush Vetch', '2017-05-09 14:07:35', NULL),
(593, 'Common Vetch', '2017-05-09 14:07:35', NULL),
(594, 'Meadow Vetchling', '2017-05-09 14:07:35', NULL),
(595, 'Meadowsweet', '2017-05-09 14:07:35', NULL),
(596, 'Bramble', '2017-05-09 14:07:35', NULL),
(597, 'Wood Avens', '2017-05-09 14:07:35', NULL),
(598, 'Water Avens', '2017-05-09 14:07:35', NULL),
(599, 'Wild Strawberry', '2017-05-09 14:07:35', NULL),
(600, 'Silverweed', '2017-05-09 14:07:35', NULL),
(601, 'Tormentil', '2017-05-09 14:07:35', NULL),
(602, 'Great Burnet', '2017-05-09 14:07:35', NULL),
(603, 'Salad Burnet', '2017-05-09 14:07:35', NULL),
(604, 'Biting Stonecrop', '2017-05-09 14:07:35', NULL),
(605, 'Navelwort', '2017-05-09 14:07:35', NULL),
(606, 'Grass-of-Parnassus', '2017-05-09 14:07:35', NULL),
(607, 'Purple-loosestrife', '2017-05-09 14:07:35', NULL),
(608, 'Evening-primrose', '2017-05-09 14:07:35', NULL),
(609, 'Great Willowherb', '2017-05-09 14:07:35', NULL),
(610, 'Rosebay Willowherb', '2017-05-09 14:07:35', NULL),
(611, 'Mistletoe', '2017-05-09 14:07:35', NULL),
(612, 'Ivy', '2017-05-09 14:07:35', NULL),
(613, 'Spiked Water-milfoil', '2017-05-09 14:07:35', NULL),
(614, 'Sea-holly', '2017-05-09 14:07:35', NULL),
(615, 'Cow Parsley', '2017-05-09 14:07:35', NULL),
(616, 'Hemlock', '2017-05-09 14:07:35', NULL),
(617, 'Pignut', '2017-05-09 14:07:35', NULL),
(618, 'Ground-elder', '2017-05-09 14:07:35', NULL),
(619, 'Fennel', '2017-05-09 14:07:35', NULL),
(620, 'Giant Hogweed', '2017-05-09 14:07:35', NULL),
(621, 'Hogweed', '2017-05-09 14:07:35', NULL),
(622, 'Wild Carrot', '2017-05-09 14:07:35', NULL),
(623, 'Wild Angelica', '2017-05-09 14:07:35', NULL),
(624, 'Dog''s Mercury', '2017-05-09 14:07:35', NULL),
(625, 'White Bryony', '2017-05-09 14:07:35', NULL),
(626, 'Wood Spurge', '2017-05-09 14:07:35', NULL),
(627, 'Sea Spurge', '2017-05-09 14:07:35', NULL),
(628, 'Petty Spurge', '2017-05-09 14:07:35', NULL),
(629, 'Primrose', '2017-05-09 14:07:35', NULL),
(630, 'Cowslip', '2017-05-09 14:07:35', NULL),
(631, 'Creeping Jenny', '2017-05-09 14:07:35', NULL),
(632, 'Scarlet Pimpernel', '2017-05-09 14:07:35', NULL),
(633, 'Yellow-wort', '2017-05-09 14:07:35', NULL),
(634, 'Centaury', '2017-05-09 14:07:35', NULL),
(635, 'Germander Speedwell', '2017-05-09 14:07:35', NULL),
(636, 'Yellow-rattle', '2017-05-09 14:07:35', NULL),
(637, 'Eyebright', '2017-05-09 14:07:35', NULL),
(638, 'Foxglove', '2017-05-09 14:07:35', NULL),
(639, 'Butterwort', '2017-05-09 14:07:35', NULL),
(640, 'Wild Thyme', '2017-05-09 14:07:35', NULL),
(641, 'Water Mint', '2017-05-09 14:07:35', NULL),
(642, 'Wild Marjoram', '2017-05-09 14:07:35', NULL),
(643, 'Selfheal', '2017-05-09 14:07:35', NULL),
(644, 'Black Horehound', '2017-05-09 14:07:35', NULL),
(645, 'Yellow Archangel', '2017-05-09 14:07:35', NULL),
(646, 'Hedge Woundwort', '2017-05-09 14:07:36', NULL),
(647, 'White Dead-nettle', '2017-05-09 14:07:36', NULL),
(648, 'Red Dead-nettle', '2017-05-09 14:07:36', NULL),
(649, 'Ground-ivy', '2017-05-09 14:07:36', NULL),
(650, 'Skullcap', '2017-05-09 14:07:36', NULL),
(651, 'Wood Sage', '2017-05-09 14:07:36', NULL),
(652, 'Bugle', '2017-05-09 14:07:36', NULL),
(653, 'Greater Plantain', '2017-05-09 14:07:36', NULL),
(654, 'Autumn Gentian', '2017-05-09 14:07:36', NULL),
(655, 'Marsh Gentian', '2017-05-09 14:07:36', NULL),
(656, 'Bogbean', '2017-05-09 14:07:36', NULL),
(657, 'Comfrey', '2017-05-09 14:07:36', NULL),
(658, 'Water Forget-me-not', '2017-05-09 14:07:36', NULL),
(659, 'Wood Forget-me-not', '2017-05-09 14:07:36', NULL),
(660, 'Viper''s-bugloss', '2017-05-09 14:07:36', NULL),
(661, 'Field Bindweed', '2017-05-09 14:07:36', NULL),
(662, 'Hedge Bindweed', '2017-05-09 14:07:36', NULL),
(663, 'Deadly Nightshade', '2017-05-09 14:07:36', NULL),
(664, 'Bittersweet', '2017-05-09 14:07:36', NULL),
(665, 'Great Mullein', '2017-05-09 14:07:36', NULL),
(666, 'Water Figwort', '2017-05-09 14:07:36', NULL),
(667, 'Toadflax', '2017-05-09 14:07:36', NULL),
(668, 'Ribwort Plantain', '2017-05-09 14:07:36', NULL),
(669, 'Harebell', '2017-05-09 14:07:36', NULL),
(670, 'Sheep''s-bit', '2017-05-09 14:07:36', NULL),
(671, 'Crosswort', '2017-05-09 14:07:36', NULL),
(672, 'Lady''s Bedstraw', '2017-05-09 14:07:36', NULL),
(673, 'Cleavers', '2017-05-09 14:07:36', NULL),
(674, 'Honeysuckle', '2017-05-09 14:07:36', NULL),
(675, 'Red Valerian', '2017-05-09 14:07:36', NULL),
(676, 'Devil''s-bit Scabious', '2017-05-09 14:07:36', NULL),
(677, 'Teasel', '2017-05-09 14:07:36', NULL),
(678, 'Ragwort', '2017-05-09 14:07:36', NULL),
(679, 'Groundsel', '2017-05-09 14:07:36', NULL),
(680, 'Colt''s-foot', '2017-05-09 14:07:36', NULL),
(681, 'Daisy', '2017-05-09 14:07:36', NULL),
(682, 'Pineappleweed', '2017-05-09 14:07:36', NULL),
(683, 'Yarrow', '2017-05-09 14:07:36', NULL),
(684, 'Hemp-agrimony', '2017-05-09 14:07:36', NULL),
(685, 'Tansy', '2017-05-09 14:07:36', NULL),
(686, 'Oxeye Daisy', '2017-05-09 14:07:36', NULL),
(687, 'Greater Burdock', '2017-05-09 14:07:36', NULL),
(688, 'Twayblade', '2017-05-09 14:07:36', NULL),
(689, 'Bird''s-nest Orchid', '2017-05-09 14:07:36', NULL),
(690, 'Bee Orchid', '2017-05-09 14:07:36', NULL),
(691, 'Early Purple Orchid', '2017-05-09 14:07:36', NULL),
(692, 'Fragrant Orchid', '2017-05-09 14:07:36', NULL),
(693, 'Lizard Orchid', '2017-05-09 14:07:36', NULL),
(694, 'Common Spotted orchid', '2017-05-09 14:07:36', NULL),
(695, 'Lords-and-ladies', '2017-05-09 14:07:36', NULL),
(696, 'Duckweed', '2017-05-09 14:07:36', NULL),
(697, 'Red Bartsia', '2017-05-09 14:07:36', NULL),
(698, 'Brooklime', '2017-05-09 14:07:36', NULL),
(699, 'Musk Thistle', '2017-05-09 14:07:36', NULL),
(700, 'Woolly Thistle', '2017-05-09 14:07:36', NULL),
(701, 'Creeping Thistle', '2017-05-09 14:07:36', NULL),
(702, 'Spear Thistle', '2017-05-09 14:07:36', NULL),
(703, 'Carline Thistle', '2017-05-09 14:07:36', NULL),
(704, 'Greater Knapweed', '2017-05-09 14:07:36', NULL),
(705, 'Knapweed or Black Knapweed', '2017-05-09 14:07:36', NULL),
(706, 'Dandelion', '2017-05-09 14:07:36', NULL),
(707, 'Mouse-ear Hawkweed', '2017-05-09 14:07:36', NULL),
(708, 'Water-plantain', '2017-05-09 14:07:36', NULL),
(709, 'Frogbit', '2017-05-09 14:07:36', NULL),
(710, 'Arrowhead', '2017-05-09 14:07:36', NULL),
(711, 'Water-soldier', '2017-05-09 14:07:36', NULL),
(712, 'Bog Asphodel', '2017-05-09 14:07:36', NULL),
(713, 'Lily-of-the-valley', '2017-05-09 14:07:36', NULL),
(714, 'Snake''s-head Fritillary', '2017-05-09 14:07:36', NULL),
(715, 'Bluebell', '2017-05-09 14:07:36', NULL),
(716, 'Ramsons', '2017-05-09 14:07:36', NULL),
(717, 'Snowdrop', '2017-05-09 14:07:36', NULL),
(718, 'Herb-Paris', '2017-05-09 14:07:36', NULL),
(719, 'Wild Daffodil', '2017-05-09 14:07:36', NULL),
(720, 'Yellow Iris', '2017-05-09 14:07:36', NULL),
(721, 'Black Bryony', '2017-05-09 14:07:36', NULL),
(722, 'Marsh Helleborine', '2017-05-09 14:07:36', NULL),
(723, 'Broad-leaved Helleborine', '2017-05-09 14:07:36', NULL),
(724, 'Gutweed', '2017-05-09 14:07:36', NULL),
(725, 'Sea Lettuce', '2017-05-09 14:07:36', NULL),
(726, 'Oarweed', '2017-05-09 14:07:36', NULL),
(727, 'Sugar Kelp', '2017-05-09 14:07:36', NULL),
(728, 'Channelled Wrack', '2017-05-09 14:07:36', NULL),
(729, 'Twisted Wrack', '2017-05-09 14:07:36', NULL),
(730, 'Bladder Wrack', '2017-05-09 14:07:36', NULL),
(731, 'Serrated Wrack', '2017-05-09 14:07:36', NULL),
(732, 'Purple Laver', '2017-05-09 14:07:36', NULL),
(733, 'Carrageen', '2017-05-09 14:07:36', NULL),
(734, 'Egg Wrack', '2017-05-09 14:07:36', NULL),
(735, 'Gorse', '2017-05-09 14:07:36', NULL),
(736, 'Broom', '2017-05-09 14:07:36', NULL),
(737, 'Dog-rose', '2017-05-09 14:07:36', NULL),
(738, 'Sea-buckthorn', '2017-05-09 14:07:36', NULL),
(739, 'Buddleia', '2017-05-09 14:07:36', NULL),
(740, 'Wild Privet', '2017-05-09 14:07:36', NULL),
(741, 'Lilac', '2017-05-09 14:07:36', NULL),
(742, 'Elder', '2017-05-09 14:07:36', NULL),
(743, 'Wayfaring-tree', '2017-05-09 14:07:36', NULL),
(744, 'Guelder-rose', '2017-05-09 14:07:36', NULL),
(745, 'Yew', '2017-05-09 14:07:36', NULL),
(746, 'Monkey-puzzle', '2017-05-09 14:07:36', NULL),
(747, 'Lawson Cypress', '2017-05-09 14:07:36', NULL),
(748, 'Leyland Cypress', '2017-05-09 14:07:36', NULL),
(749, 'Juniper', '2017-05-09 14:07:36', NULL),
(750, 'European Larch', '2017-05-09 14:07:36', NULL),
(751, 'Norway Spruce', '2017-05-09 14:07:36', NULL),
(752, 'Sitka Spruce', '2017-05-09 14:07:36', NULL),
(753, 'Scots Pine', '2017-05-09 14:07:36', NULL),
(754, 'Aspen', '2017-05-09 14:07:36', NULL),
(755, 'Black Poplar', '2017-05-09 14:07:36', NULL),
(756, 'Hybrid Black Poplar', '2017-05-09 14:07:36', NULL),
(757, 'White Willow', '2017-05-09 14:07:36', NULL),
(758, 'Crack Willow', '2017-05-09 14:07:36', NULL),
(759, 'Goat Willow', '2017-05-09 14:07:36', NULL),
(760, 'Grey Willow', '2017-05-09 14:07:36', NULL),
(761, 'Osier', '2017-05-09 14:07:36', NULL),
(762, 'Walnut', '2017-05-09 14:07:36', NULL),
(763, 'Silver Birch', '2017-05-09 14:07:36', NULL),
(764, 'Downy Birch', '2017-05-09 14:07:36', NULL),
(765, 'Alder', '2017-05-09 14:07:36', NULL),
(766, 'Hornbeam', '2017-05-09 14:07:36', NULL),
(767, 'Hazel', '2017-05-09 14:07:36', NULL),
(768, 'Beech', '2017-05-09 14:07:36', NULL),
(769, 'Sweet Chestnut', '2017-05-09 14:07:36', NULL),
(770, 'Sessile Oak', '2017-05-09 14:07:36', NULL),
(771, 'English Oak', '2017-05-09 14:07:36', NULL),
(772, 'Holm Oak', '2017-05-09 14:07:36', NULL),
(773, 'Wych Elm', '2017-05-09 14:07:36', NULL),
(774, 'English Elm', '2017-05-09 14:07:36', NULL),
(775, 'London Plane', '2017-05-09 14:07:36', NULL),
(776, 'Hawthorn', '2017-05-09 14:07:36', NULL),
(777, 'Midland Hawthorn', '2017-05-09 14:07:36', NULL),
(778, 'Whitebeam', '2017-05-09 14:07:36', NULL),
(779, 'Wild Service tree', '2017-05-09 14:07:36', NULL),
(780, 'Rowan', '2017-05-09 14:07:36', NULL),
(781, 'Crab Apple', '2017-05-09 14:07:36', NULL),
(782, 'Wild Cherry', '2017-05-09 14:07:36', NULL),
(783, 'Blackthorn', '2017-05-09 14:07:36', NULL),
(784, 'Laburnum', '2017-05-09 14:07:36', NULL),
(785, 'Holly', '2017-05-09 14:07:36', NULL),
(786, 'Field Maple', '2017-05-09 14:07:36', NULL),
(787, 'Sycamore', '2017-05-09 14:07:36', NULL),
(788, 'Horse Chestnut', '2017-05-09 14:07:36', NULL),
(789, 'Purging Buckthorn', '2017-05-09 14:07:36', NULL),
(790, 'Alder Buckthorn', '2017-05-09 14:07:36', NULL),
(791, 'Large-leaved Lime', '2017-05-09 14:07:36', NULL),
(792, 'Small-leaved Lime', '2017-05-09 14:07:36', NULL),
(793, 'Lime', '2017-05-09 14:07:36', NULL),
(794, 'Dogwood', '2017-05-09 14:07:36', NULL),
(795, 'Ash', '2017-05-09 14:07:36', NULL),
(796, 'Spindle', '2017-05-09 14:07:36', NULL),
(797, 'Perennial Rye-grass', '2017-05-09 14:07:36', NULL),
(798, 'Annual Meadow-grass', '2017-05-09 14:07:36', NULL),
(799, 'Reed Sweet-grass', '2017-05-09 14:07:36', NULL),
(800, 'Cock''s-foot', '2017-05-09 14:07:36', NULL),
(801, 'Quaking-grass', '2017-05-09 14:07:36', NULL),
(802, 'Crested Dog''s-tail', '2017-05-09 14:07:36', NULL),
(803, 'Soft Brome', '2017-05-09 14:07:36', NULL),
(804, 'Couch', '2017-05-09 14:07:36', NULL),
(805, 'Wall Barley', '2017-05-09 14:07:36', NULL),
(806, 'Wood Melick', '2017-05-09 14:07:36', NULL),
(807, 'False Oat-grass', '2017-05-09 14:07:36', NULL),
(808, 'Wavy Hair-grass', '2017-05-09 14:07:36', NULL),
(809, 'Sweet Vernal-grass', '2017-05-09 14:07:36', NULL),
(810, 'Marram Grass', '2017-05-09 14:07:36', NULL),
(811, 'Creeping Bent', '2017-05-09 14:07:36', NULL),
(812, 'Timothy', '2017-05-09 14:07:36', NULL),
(813, 'Common Reed', '2017-05-09 14:07:36', NULL),
(814, 'Cotton-grass', '2017-05-09 14:07:36', NULL),
(815, 'Spike-rush', '2017-05-09 14:07:36', NULL),
(816, 'Club-rush', '2017-05-09 14:07:36', NULL),
(817, 'Great Fen-sedge', '2017-05-09 14:07:36', NULL),
(818, 'Sand Sedge', '2017-05-09 14:07:36', NULL),
(819, 'Pendulous Sedge', '2017-05-09 14:07:36', NULL),
(820, 'Greater Pond Sedge', '2017-05-09 14:07:36', NULL),
(821, 'Hard Rush', '2017-05-09 14:07:36', NULL),
(822, 'Soft Rush', '2017-05-09 14:07:36', NULL),
(823, 'Field Wood-rush', '2017-05-09 14:07:36', NULL),
(824, 'Yorkshire Fog', '2017-05-09 14:07:36', NULL),
(825, 'Great Reedmace', '2017-05-09 14:07:36', NULL),
(826, 'Red Gurnard', '2017-05-09 14:07:36', NULL),
(827, 'Brown Hairstreak', '2017-05-09 14:07:36', NULL),
(828, 'Pearl-bordered Fritillary', '2017-05-09 14:07:36', NULL),
(829, 'Club-tailed Dragonfly', '2017-05-09 14:07:36', NULL),
(830, 'Pied Flycatcher', '2017-05-09 14:07:36', NULL),
(831, 'Land Caddis', '2017-05-09 14:07:36', NULL),
(832, 'Noble Chafer', '2017-05-09 14:07:36', NULL),
(833, 'Green-winged Orchid', '2017-05-09 14:07:36', NULL),
(834, 'Yellow Star-of-Bethlehem', '2017-05-09 14:07:36', NULL),
(835, 'Lesser Stitchwort', '2017-05-09 14:07:36', NULL),
(836, 'Bulbous buttercup', '2017-05-09 14:07:36', NULL),
(837, 'Lady''s Smock', '2017-05-09 14:07:36', NULL),
(838, 'Greater Butterfly Orchid', '2017-05-09 14:07:36', NULL),
(839, 'Lesser Centaury', '2017-05-09 14:07:36', NULL),
(840, 'Round-leaved fluellen', '2017-05-09 14:07:36', NULL),
(841, 'Spurge Laurel', '2017-05-09 14:07:36', NULL),
(842, 'Dittander', '2017-05-09 14:07:36', NULL),
(843, 'Small Teasel', '2017-05-09 14:07:36', NULL),
(844, 'Dyer''s Greenweed', '2017-05-09 14:07:36', NULL),
(845, 'Pepper Saxifrage', '2017-05-09 14:07:36', NULL),
(846, 'Saw-wort', '2017-05-09 14:07:36', NULL),
(847, 'White-letter Hairstreak', '2017-05-09 14:07:36', NULL),
(848, 'Flowering Rush', '2017-05-09 14:07:36', NULL),
(849, 'Enchanter''s Nightshade', '2017-05-09 14:07:36', NULL),
(850, 'Lady Fern', '2017-05-09 14:07:36', NULL),
(851, 'Lesser spotted woodpecker', '2017-05-09 14:07:36', NULL),
(852, 'Water Crowfoot', '2017-05-09 14:07:36', NULL),
(853, 'Willow Tit', '2017-05-09 14:07:36', NULL),
(854, 'Shrill Carder Bee', '2017-05-09 14:07:36', NULL),
(855, 'Wild liquorice', '2017-05-09 14:07:36', NULL),
(856, 'Meadow Thistle', '2017-05-09 14:07:36', NULL),
(857, 'Porcelain Fungus', '2017-05-09 14:07:36', NULL),
(858, 'Violet Click Beetle', '2017-05-09 14:07:36', NULL),
(859, 'Lesser Water Parsnip', '2017-05-09 14:07:36', NULL),
(860, 'Lesser Spearwort', '2017-05-09 14:07:36', NULL),
(861, 'Meadow Saffron', '2017-05-09 14:07:36', NULL),
(862, 'Dartford warbler', '2017-05-09 14:07:36', NULL),
(863, 'Woodlark', '2017-05-09 14:07:36', NULL),
(864, 'Melancholy Thistle', '2017-05-09 14:07:36', NULL),
(865, 'Pink Seafan', '2017-05-09 14:07:36', NULL),
(866, 'Kentish milkwort', '2017-05-09 14:07:36', NULL),
(867, 'Great White Egret', '2017-05-09 14:07:36', NULL),
(868, 'Silver-studded blue', '2017-05-09 14:07:36', NULL),
(869, 'True fox sedge', '2017-05-09 14:07:36', NULL),
(870, 'Tubular water-dropwort', '2017-05-09 14:07:36', NULL),
(871, 'Brandt''s bat', '2017-05-09 14:07:36', NULL),
(872, 'Daubenton''s bat', '2017-05-09 14:07:36', NULL),
(873, 'Grey long-eared bat', '2017-05-09 14:07:36', NULL),
(874, 'Leisler’s bat', '2017-05-09 14:07:36', NULL),
(875, 'Natterer’s bat', '2017-05-09 14:07:36', NULL),
(876, 'Serotine bat', '2017-05-09 14:07:36', NULL),
(877, 'Whiskered bat', '2017-05-09 14:07:36', NULL),
(878, 'Alcathoe bat', '2017-05-09 14:07:36', NULL),
(879, 'Bird cherry', '2017-05-09 14:07:36', NULL),
(880, 'Buff-tailed bumblebee', '2017-05-09 14:07:36', NULL),
(881, 'Ivy-leaved toadflax', '2017-05-09 14:07:36', NULL),
(882, 'Verbena', '2017-05-09 14:07:36', NULL),
(883, 'English lavender', '2017-05-09 14:07:36', NULL),
(884, 'Ice plant', '2017-05-09 14:07:36', NULL),
(885, 'Quince', '2017-05-09 14:07:36', NULL),
(886, 'Black hairstreak', '2017-05-09 14:07:36', NULL),
(887, 'Marsh tit', '2017-05-09 14:07:36', NULL),
(888, 'Heath Fritillary', '2017-05-09 14:07:36', NULL),
(889, 'Common Cow-wheat', '2017-05-09 14:07:36', NULL),
(890, 'Nudibranch', '2017-05-09 14:07:36', NULL),
(891, 'Small garden bumblebee', '2017-05-09 14:07:37', NULL),
(892, 'Early bumblebee', '2017-05-09 14:07:37', NULL),
(893, 'Tree bumblebee', '2017-05-09 14:07:37', NULL),
(894, 'Heath bumblebee', '2017-05-09 14:07:37', NULL),
(895, 'Hairy-footed flower bee', '2017-05-09 14:07:37', NULL),
(896, 'Ivy bee', '2017-05-09 14:07:37', NULL),
(897, 'Large Bee-fly', '2017-05-09 14:07:37', NULL),
(898, 'Chalkhill blue', '2017-05-09 14:07:37', NULL),
(899, 'Adonis blue', '2017-05-09 14:07:37', NULL),
(900, 'Small blue', '2017-05-09 14:07:37', NULL),
(901, 'Grizzled skipper', '2017-05-09 14:07:37', NULL),
(902, 'Early gentian', '2017-05-09 14:07:37', NULL),
(903, 'Chiltern gentian', '2017-05-09 14:07:37', NULL),
(904, 'Pyramidal orchid', '2017-05-09 14:07:37', NULL),
(905, 'Horseshoe vetch', '2017-05-09 14:07:37', NULL),
(906, 'Hairy violet', '2017-05-09 14:07:37', NULL),
(907, 'Dwarf thistle', '2017-05-09 14:07:37', NULL),
(908, 'Large thyme', '2017-05-09 14:07:37', NULL),
(909, 'Dingy skipper', '2017-05-09 14:07:37', NULL),
(910, 'Spiny starfish', '2017-05-09 14:07:37', NULL),
(911, 'Cushion star', '2017-05-09 14:07:37', NULL),
(912, 'Bloody Henry starfish', '2017-05-09 14:07:37', NULL),
(913, 'Beaver', '2017-05-09 14:07:37', NULL),
(914, 'Turkey Tail', '2017-05-09 14:07:37', NULL),
(915, 'Tawny Grisette', '2017-05-09 14:07:37', NULL),
(916, 'Shaggy Ink Cap', '2017-05-09 14:07:37', NULL),
(917, 'Ruby Elf Cup', '2017-05-09 14:07:37', NULL),
(918, 'Hare''s Ear', '2017-05-09 14:07:37', NULL),
(919, 'Angel''s Wings', '2017-05-09 14:07:37', NULL),
(920, 'Violet Coral', '2017-05-09 14:07:37', NULL),
(921, 'Velvet Shank', '2017-05-09 14:07:37', NULL),
(922, 'Eye Lash Fungus', '2017-05-09 14:07:37', NULL),
(923, 'Chicken of the Woods', '2017-05-09 14:07:37', NULL),
(924, 'Small Pearl-bordered Fritillary', '2017-05-09 14:07:37', NULL),
(925, 'Candle Snuff Fungus', '2017-05-09 14:07:37', NULL),
(926, 'Birch Polypore', '2017-05-09 14:07:37', NULL),
(927, 'Wood Blewit', '2017-05-09 14:07:37', NULL),
(928, 'Stinkhorn Fungus', '2017-05-09 14:07:37', NULL),
(929, 'Scarlet elf cup', '2017-05-09 14:07:37', NULL),
(930, 'Brown-lipped snail', '2017-05-09 14:07:37', NULL),
(931, 'White-lipped snail', '2017-05-09 14:07:37', NULL),
(932, 'Yellow slug', '2017-05-09 14:07:37', NULL),
(933, 'Broad-bordered bee hawk-moth', '2017-05-09 14:07:37', NULL),
(934, 'Keeled skimmer', '2017-05-09 14:07:37', NULL),
(935, 'Beautiful demoiselle', '2017-05-09 14:07:37', NULL),
(936, 'Willow emerald damselfly', '2017-05-09 14:07:37', NULL),
(937, 'Common box', '2017-05-09 14:07:37', NULL),
(938, 'Ptarmigan', '2017-05-09 14:07:37', NULL),
(939, 'White-clawed Crayfish', '2017-05-09 14:07:37', NULL),
(940, 'Short-snouted Seahorse', '2017-05-09 14:07:37', NULL),
(941, 'Long-snouted Seahorse', '2017-05-09 14:07:37', NULL),
(942, 'Bronze shieldbug', '2017-05-09 14:07:37', NULL),
(943, 'White-beaked Dolphin', '2017-05-09 14:07:37', NULL),
(944, 'European Seabass', '2017-05-09 14:07:37', NULL),
(945, 'Black Sea Bream', '2017-05-09 14:07:37', NULL);

-- --------------------------------------------------------

--
-- Table structure for table `trusts`
--

CREATE TABLE IF NOT EXISTS `trusts` (
  `idtrusts` int(11) NOT NULL AUTO_INCREMENT,
  `trust` varchar(255) DEFAULT NULL,
  `created_at` timestamp NULL DEFAULT CURRENT_TIMESTAMP ON UPDATE CURRENT_TIMESTAMP,
  `updated_at` timestamp NULL DEFAULT NULL,
  PRIMARY KEY (`idtrusts`)
) ENGINE=InnoDB  DEFAULT CHARSET=utf8 AUTO_INCREMENT=49 ;

--
-- Dumping data for table `trusts`
--

INSERT INTO `trusts` (`idtrusts`, `trust`, `created_at`, `updated_at`) VALUES
(1, 'RSWT', NULL, NULL),
(2, 'Alderney Wildlife Trust', NULL, NULL),
(3, 'Avon Wildlife Trust', NULL, NULL),
(4, 'The Wildlife Trust for Bedfordshire, Cambridgeshire and Northamptonshire', NULL, NULL),
(5, 'Berkshire, Bucks & Oxon Wildlife Trust', NULL, NULL),
(6, 'Wildlife Trust for Birmingham and the Black Country', NULL, NULL),
(7, 'Brecknock Wildlife Trust', NULL, NULL),
(8, 'Cheshire Wildlife Trust', NULL, NULL),
(9, 'Cornwall Wildlife Trust', NULL, NULL),
(10, 'Cumbria Wildlife Trust', NULL, NULL),
(11, 'Derbyshire Wildlife trust', NULL, NULL),
(12, 'Devon Wildlife Trust', NULL, NULL),
(13, 'Dorset Wildlife trust', NULL, NULL),
(14, 'Durham Wildlife Trust', NULL, NULL),
(15, 'Essex Wildlife Trust', NULL, NULL),
(16, 'Gloucestershire Wildlife Trust', NULL, NULL),
(17, 'Gwent Wildlife Trust', NULL, NULL),
(18, 'Hampshire & Isle of White Wildlife Trust', NULL, NULL),
(19, 'Herefordshire Wildlife Trust', NULL, NULL),
(20, 'Hertfordshire & Middlesex Wildlife Trust', NULL, NULL),
(21, 'Isle of Scilly Wildlife Trust', NULL, NULL),
(22, 'Kent Wildlife Trust', NULL, NULL),
(23, 'The Wildlife Trust for Lancashire, Manchester and Merseyside', NULL, NULL),
(24, 'Leicestershire & Rutland Wildlife Trust', NULL, NULL),
(25, 'Lincolnshire Wildlife Trust', NULL, NULL),
(26, 'London Wildlife Trust', NULL, NULL),
(27, 'Manx Wildlife Trust', NULL, NULL),
(28, 'Montgomeryshire Wildlife Trust', NULL, NULL),
(29, 'Norfolk Wildlife Trust', NULL, NULL),
(30, 'Northumberland Wildlife Trust', NULL, NULL),
(31, 'North Wales Wildlife Trust', NULL, NULL),
(32, 'Nottinghamshire Wildlife Trust', NULL, NULL),
(33, 'Radnorshire Wildlife Trust', NULL, NULL),
(34, 'Scottish Wildlife Trust', NULL, NULL),
(35, 'Sheffield and Rotherham Wildlife Trust', NULL, NULL),
(36, 'Shropshire Wildlife Trust', NULL, NULL),
(37, 'Somerset Wildlife Trust', NULL, NULL),
(38, 'the Wildlife Trust of South and West Wales', NULL, NULL),
(39, 'Staffordshire Wildlife Trust', NULL, NULL),
(40, 'Suffolk Wildlife Trust', NULL, NULL),
(41, 'Surrey Wildlife Trust', NULL, NULL),
(42, 'Sussex Wildlife Trust', NULL, NULL),
(43, 'Tees Valley Wildlife Trust', NULL, NULL),
(44, 'Ulster Wildlife Trust', NULL, NULL),
(45, 'Warwickshire Wildlife Trust', NULL, NULL),
(46, 'Wiltshire Wildlife Trust', NULL, NULL),
(47, 'Worcestershire Wildlife Trust', NULL, NULL),
(48, 'Yorkshire Wildlife Trust', NULL, NULL);

